Last updated on 2024-07-27 15:50:14 CEST.
Flavor | Version | Tinstall | Tcheck | Ttotal | Status | Flags |
---|---|---|---|---|---|---|
r-devel-linux-x86_64-debian-clang | 0.1.3 | 6.06 | 53.02 | 59.08 | OK | |
r-devel-linux-x86_64-debian-gcc | 0.1.3 | OK | ||||
r-devel-linux-x86_64-fedora-clang | 0.1.3 | 76.40 | NOTE | |||
r-devel-linux-x86_64-fedora-gcc | 0.1.3 | 72.06 | NOTE | |||
r-devel-windows-x86_64 | 0.1.3 | 8.00 | 62.00 | 70.00 | OK | |
r-patched-linux-x86_64 | 0.1.3 | OK | ||||
r-release-linux-x86_64 | 0.1.3 | 8.03 | 50.85 | 58.88 | OK | |
r-release-macos-arm64 | 0.1.3 | 28.00 | OK | |||
r-release-macos-x86_64 | 0.1.3 | 40.00 | OK | |||
r-release-windows-x86_64 | 0.1.3 | 8.00 | 62.00 | 70.00 | OK | |
r-oldrel-macos-arm64 | 0.1.3 | 29.00 | OK | |||
r-oldrel-macos-x86_64 | 0.1.3 | 43.00 | OK | |||
r-oldrel-windows-x86_64 | 0.1.3 | 11.00 | 70.00 | 81.00 | OK |
Version: 0.1.3
Check: data for non-ASCII characters
Result: NOTE
Note: found 4186 marked UTF-8 strings
Flavors: r-devel-linux-x86_64-fedora-clang, r-devel-linux-x86_64-fedora-gcc
These binaries (installable software) and packages are in development.
They may not be fully stable and should be used with caution. We make no claims about them.