CRAN Package Check Results for Package collidr

Last updated on 2025-11-15 03:50:05 CET.

Flavor Version Tinstall Tcheck Ttotal Status Flags
r-devel-linux-x86_64-debian-clang 0.1.3 6.95 42.83 49.78 NOTE
r-devel-linux-x86_64-debian-gcc 0.1.3 5.04 34.32 39.36 NOTE
r-devel-linux-x86_64-fedora-clang 0.1.3 15.00 61.19 76.19 OK
r-devel-linux-x86_64-fedora-gcc 0.1.3 14.00 57.17 71.17 OK
r-devel-windows-x86_64 0.1.3 12.00 62.00 74.00 OK
r-patched-linux-x86_64 0.1.3 6.11 41.31 47.42 OK
r-release-linux-x86_64 0.1.3 6.27 40.81 47.08 OK
r-release-macos-arm64 0.1.3 4.00 28.00 32.00 OK
r-release-macos-x86_64 0.1.3 6.00 41.00 47.00 OK
r-release-windows-x86_64 0.1.3 9.00 61.00 70.00 OK
r-oldrel-macos-arm64 0.1.3 4.00 24.00 28.00 OK
r-oldrel-macos-x86_64 0.1.3 5.00 35.00 40.00 OK
r-oldrel-windows-x86_64 0.1.3 11.00 72.00 83.00 OK

Check Details

Version: 0.1.3
Check: CRAN incoming feasibility
Result: NOTE Maintainer: ‘Steve Condylios <steve.condylios@gmail.com>’ No Authors@R field in DESCRIPTION. Please add one, modifying Authors@R: person(given = "Steve", family = "Condylios", role = c("aut", "cre"), email = "steve.condylios@gmail.com", comment = c(ORCID = "0000-0003-0599-844X")) as necessary. Flavors: r-devel-linux-x86_64-debian-clang, r-devel-linux-x86_64-debian-gcc

These binaries (installable software) and packages are in development.
They may not be fully stable and should be used with caution. We make no claims about them.