CRAN Package Check Results for Package colocalization

Last updated on 2025-02-19 16:50:44 CET.

Flavor Version Tinstall Tcheck Ttotal Status Flags
r-devel-linux-x86_64-debian-clang 1.0.2 6.67 62.55 69.22 OK
r-devel-linux-x86_64-debian-gcc 1.0.2 4.41 41.94 46.35 OK
r-devel-linux-x86_64-fedora-clang 1.0.2 109.05 OK
r-devel-linux-x86_64-fedora-gcc 1.0.2 102.24 OK
r-devel-macos-arm64 1.0.2 32.00 OK
r-devel-macos-x86_64 1.0.2 62.00 OK
r-devel-windows-x86_64 1.0.2 8.00 75.00 83.00 OK
r-patched-linux-x86_64 1.0.2 5.55 58.08 63.63 OK
r-release-linux-x86_64 1.0.2 5.05 58.06 63.11 OK
r-release-macos-arm64 1.0.2 32.00 OK
r-release-macos-x86_64 1.0.2 47.00 OK
r-release-windows-x86_64 1.0.2 8.00 3.00 11.00 FAIL
r-oldrel-macos-arm64 1.0.2 31.00 OK
r-oldrel-macos-x86_64 1.0.2 52.00 OK
r-oldrel-windows-x86_64 1.0.2 10.00 91.00 101.00 OK

Check Details

Version: 1.0.2
Check: package dependencies
Result: FAIL
Flavor: r-release-windows-x86_64

These binaries (installable software) and packages are in development.
They may not be fully stable and should be used with caution. We make no claims about them.