CRAN Package Check Results for Package colorBlindness

Last updated on 2025-11-12 23:50:40 CET.

Flavor Version Tinstall Tcheck Ttotal Status Flags
r-devel-linux-x86_64-debian-clang 0.1.9 6.25 82.82 89.07 OK
r-devel-linux-x86_64-debian-gcc 0.1.9 4.35 61.80 66.15 OK
r-devel-linux-x86_64-fedora-clang 0.1.9 11.00 117.71 128.71 OK
r-devel-linux-x86_64-fedora-gcc 0.1.9 12.00 127.40 139.40 OK
r-devel-windows-x86_64 0.1.9 10.00 82.00 92.00 OK
r-patched-linux-x86_64 0.1.9 6.27 77.86 84.13 OK
r-release-linux-x86_64 0.1.9 5.50 78.83 84.33 OK
r-release-macos-arm64 0.1.9 3.00 47.00 50.00 OK
r-release-macos-x86_64 0.1.9 5.00 63.00 68.00 OK
r-release-windows-x86_64 0.1.9 10.00 82.00 92.00 OK
r-oldrel-macos-arm64 0.1.9 3.00 33.00 36.00 NOTE
r-oldrel-macos-x86_64 0.1.9 4.00 49.00 53.00 NOTE
r-oldrel-windows-x86_64 0.1.9 13.00 100.00 113.00 NOTE

Check Details

Version: 0.1.9
Check: installed package size
Result: NOTE installed size is 5.1Mb sub-directories of 1Mb or more: doc 4.8Mb Flavors: r-oldrel-macos-arm64, r-oldrel-macos-x86_64, r-oldrel-windows-x86_64

These binaries (installable software) and packages are in development.
They may not be fully stable and should be used with caution. We make no claims about them.