CRAN Package Check Results for Package colorBlindness

Last updated on 2025-05-08 04:52:01 CEST.

Flavor Version Tinstall Tcheck Ttotal Status Flags
r-devel-linux-x86_64-debian-clang 0.1.9 6.18 73.40 79.58 OK
r-devel-linux-x86_64-debian-gcc 0.1.9 4.62 54.39 59.01 OK
r-devel-linux-x86_64-fedora-clang 0.1.9 103.69 OK
r-devel-linux-x86_64-fedora-gcc 0.1.9 123.82 OK
r-devel-windows-x86_64 0.1.9 7.00 77.00 84.00 OK
r-patched-linux-x86_64 0.1.9 5.84 67.78 73.62 OK
r-release-linux-x86_64 0.1.9 5.94 67.74 73.68 OK
r-release-macos-arm64 0.1.9 50.00 OK
r-release-macos-x86_64 0.1.9 68.00 OK
r-release-windows-x86_64 0.1.9 8.00 78.00 86.00 OK
r-oldrel-macos-arm64 0.1.9 36.00 NOTE
r-oldrel-macos-x86_64 0.1.9 53.00 NOTE
r-oldrel-windows-x86_64 0.1.9 10.00 92.00 102.00 NOTE

Check Details

Version: 0.1.9
Check: installed package size
Result: NOTE installed size is 5.1Mb sub-directories of 1Mb or more: doc 4.8Mb Flavors: r-oldrel-macos-arm64, r-oldrel-macos-x86_64, r-oldrel-windows-x86_64

These binaries (installable software) and packages are in development.
They may not be fully stable and should be used with caution. We make no claims about them.