Last updated on 2025-10-03 05:53:27 CEST.
Flavor | Version | Tinstall | Tcheck | Ttotal | Status | Flags |
---|---|---|---|---|---|---|
r-devel-linux-x86_64-debian-clang | 1.8-0 | 2.95 | 213.70 | 216.65 | OK | |
r-devel-linux-x86_64-debian-gcc | 1.8-0 | 2.65 | 143.91 | 146.56 | OK | |
r-devel-linux-x86_64-fedora-clang | 1.8-0 | 297.84 | OK | |||
r-devel-linux-x86_64-fedora-gcc | 1.8-0 | 313.72 | OK | |||
r-devel-windows-x86_64 | 1.8-0 | 9.00 | 318.00 | 327.00 | OK | |
r-patched-linux-x86_64 | 1.8-0 | 5.96 | 203.10 | 209.06 | OK | |
r-release-linux-x86_64 | 1.8-0 | 3.03 | 200.74 | 203.77 | OK | |
r-release-macos-arm64 | 1.8-0 | 173.00 | OK | |||
r-release-macos-x86_64 | 1.8-0 | 225.00 | OK | |||
r-release-windows-x86_64 | 1.8-0 | 8.00 | 322.00 | 330.00 | OK | |
r-oldrel-macos-arm64 | 1.8-0 | 147.00 | NOTE | |||
r-oldrel-macos-x86_64 | 1.8-0 | 217.00 | NOTE | |||
r-oldrel-windows-x86_64 | 1.8-0 | 13.00 | 343.00 | 356.00 | NOTE |
Version: 1.8-0
Check: installed package size
Result: NOTE
installed size is 5.2Mb
sub-directories of 1Mb or more:
doc 1.9Mb
extdata 2.4Mb
Flavors: r-oldrel-macos-arm64, r-oldrel-macos-x86_64, r-oldrel-windows-x86_64
These binaries (installable software) and packages are in development.
They may not be fully stable and should be used with caution. We make no claims about them.