Last updated on 2025-05-02 04:49:31 CEST.
Flavor | Version | Tinstall | Tcheck | Ttotal | Status | Flags |
---|---|---|---|---|---|---|
r-devel-linux-x86_64-debian-clang | 1.1.2 | 32.57 | 232.48 | 265.05 | NOTE | |
r-devel-linux-x86_64-debian-gcc | 1.1.2 | 23.52 | 153.42 | 176.94 | NOTE | |
r-devel-linux-x86_64-fedora-clang | 1.1.2 | 454.74 | NOTE | |||
r-devel-linux-x86_64-fedora-gcc | 1.1.2 | 424.10 | NOTE | |||
r-devel-windows-x86_64 | 1.1.2 | 38.00 | 257.00 | 295.00 | NOTE | |
r-patched-linux-x86_64 | 1.1.2 | 31.55 | 204.36 | 235.91 | NOTE | |
r-release-linux-x86_64 | NOTE | |||||
r-release-macos-arm64 | 1.1.2 | 187.00 | NOTE | |||
r-release-macos-x86_64 | 1.1.2 | 306.00 | NOTE | |||
r-release-windows-x86_64 | 1.1.2 | 38.00 | 251.00 | 289.00 | NOTE | |
r-oldrel-macos-arm64 | 1.1.2 | 151.00 | OK | |||
r-oldrel-macos-x86_64 | 1.1.2 | 198.00 | OK | |||
r-oldrel-windows-x86_64 | 1.1.2 | 43.00 | 320.00 | 363.00 | OK |
Version: 1.1.2
Check: DESCRIPTION meta-information
Result: NOTE
Missing dependency on R >= 4.1.0 because package code uses the pipe
|> or function shorthand \(...) syntax added in R 4.1.0.
File(s) using such syntax:
‘simulate_populations.R’
Flavors: r-devel-linux-x86_64-debian-clang, r-devel-linux-x86_64-debian-gcc, r-devel-linux-x86_64-fedora-clang, r-devel-linux-x86_64-fedora-gcc, r-devel-windows-x86_64, r-patched-linux-x86_64, r-release-linux-x86_64, r-release-macos-arm64, r-release-macos-x86_64, r-release-windows-x86_64
These binaries (installable software) and packages are in development.
They may not be fully stable and should be used with caution. We make no claims about them.