CRAN Package Check Results for Package colorednoise

Last updated on 2025-07-25 01:49:24 CEST.

Flavor Version Tinstall Tcheck Ttotal Status Flags
r-devel-linux-x86_64-debian-clang 1.1.2 32.08 231.11 263.19 NOTE
r-devel-linux-x86_64-debian-gcc 1.1.2 22.76 153.60 176.36 NOTE
r-devel-linux-x86_64-fedora-clang 1.1.2 417.07 NOTE
r-devel-linux-x86_64-fedora-gcc 1.1.2 373.83 NOTE
r-devel-windows-x86_64 1.1.2 39.00 246.00 285.00 NOTE
r-patched-linux-x86_64 1.1.2 32.33 205.02 237.35 NOTE
r-release-linux-x86_64 1.1.2 32.75 205.10 237.85 NOTE
r-release-macos-arm64 1.1.2 187.00 NOTE
r-release-macos-x86_64 1.1.2 306.00 NOTE
r-release-windows-x86_64 1.1.2 38.00 248.00 286.00 NOTE
r-oldrel-macos-arm64 1.1.2 151.00 OK
r-oldrel-macos-x86_64 1.1.2 198.00 OK
r-oldrel-windows-x86_64 1.1.2 46.00 312.00 358.00 OK

Check Details

Version: 1.1.2
Check: DESCRIPTION meta-information
Result: NOTE Missing dependency on R >= 4.1.0 because package code uses the pipe |> or function shorthand \(...) syntax added in R 4.1.0. File(s) using such syntax: ‘simulate_populations.R’ Flavors: r-devel-linux-x86_64-debian-clang, r-devel-linux-x86_64-debian-gcc, r-devel-linux-x86_64-fedora-clang, r-devel-linux-x86_64-fedora-gcc, r-devel-windows-x86_64, r-patched-linux-x86_64, r-release-linux-x86_64, r-release-macos-arm64, r-release-macos-x86_64, r-release-windows-x86_64

These binaries (installable software) and packages are in development.
They may not be fully stable and should be used with caution. We make no claims about them.