Last updated on 2025-11-13 17:50:30 CET.
| Flavor | Version | Tinstall | Tcheck | Ttotal | Status | Flags |
|---|---|---|---|---|---|---|
| r-devel-linux-x86_64-debian-clang | 1.1.2 | 34.12 | 232.13 | 266.25 | NOTE | |
| r-devel-linux-x86_64-debian-gcc | 1.1.2 | 19.66 | 158.40 | 178.06 | NOTE | |
| r-devel-linux-x86_64-fedora-clang | 1.1.2 | 208.00 | 263.53 | 471.53 | NOTE | |
| r-devel-linux-x86_64-fedora-gcc | 1.1.2 | 60.00 | 338.33 | 398.33 | NOTE | |
| r-devel-windows-x86_64 | 1.1.2 | 43.00 | 251.00 | 294.00 | NOTE | |
| r-patched-linux-x86_64 | 1.1.2 | 33.32 | 209.02 | 242.34 | NOTE | |
| r-release-linux-x86_64 | 1.1.2 | 31.11 | 208.80 | 239.91 | NOTE | |
| r-release-macos-arm64 | 1.1.2 | 14.00 | 173.00 | 187.00 | NOTE | |
| r-release-macos-x86_64 | 1.1.2 | 16.00 | 290.00 | 306.00 | NOTE | |
| r-release-windows-x86_64 | 1.1.2 | 39.00 | 239.00 | 278.00 | NOTE | |
| r-oldrel-macos-arm64 | 1.1.2 | 11.00 | 140.00 | 151.00 | OK | |
| r-oldrel-macos-x86_64 | 1.1.2 | 14.00 | 184.00 | 198.00 | OK | |
| r-oldrel-windows-x86_64 | 1.1.2 | 47.00 | 322.00 | 369.00 | OK |
Version: 1.1.2
Check: DESCRIPTION meta-information
Result: NOTE
Missing dependency on R >= 4.1.0 because package code uses the pipe
|> or function shorthand \(...) syntax added in R 4.1.0.
File(s) using such syntax:
‘simulate_populations.R’
Flavors: r-devel-linux-x86_64-debian-clang, r-devel-linux-x86_64-debian-gcc, r-devel-linux-x86_64-fedora-clang, r-devel-linux-x86_64-fedora-gcc, r-devel-windows-x86_64, r-patched-linux-x86_64, r-release-linux-x86_64, r-release-macos-arm64, r-release-macos-x86_64, r-release-windows-x86_64
These binaries (installable software) and packages are in development.
They may not be fully stable and should be used with caution. We make no claims about them.