Last updated on 2025-05-02 06:49:30 CEST.
Flavor | Version | Tinstall | Tcheck | Ttotal | Status | Flags |
---|---|---|---|---|---|---|
r-devel-linux-x86_64-debian-clang | 0.1.4 | 7.78 | 65.60 | 73.38 | NOTE | |
r-devel-linux-x86_64-debian-gcc | 0.1.5 | 4.51 | 47.59 | 52.10 | OK | |
r-devel-linux-x86_64-fedora-clang | 0.1.5 | 120.04 | OK | |||
r-devel-linux-x86_64-fedora-gcc | 0.1.5 | 113.46 | OK | |||
r-devel-windows-x86_64 | 0.1.5 | 14.00 | 85.00 | 99.00 | OK | |
r-patched-linux-x86_64 | 0.1.5 | 7.26 | 61.83 | 69.09 | OK | |
r-release-linux-x86_64 | OK | |||||
r-release-macos-arm64 | 0.1.5 | 33.00 | OK | |||
r-release-macos-x86_64 | 0.1.5 | 64.00 | OK | |||
r-release-windows-x86_64 | 0.1.5 | 11.00 | 86.00 | 97.00 | OK | |
r-oldrel-macos-arm64 | 0.1.5 | 39.00 | OK | |||
r-oldrel-macos-x86_64 | 0.1.5 | 79.00 | OK | |||
r-oldrel-windows-x86_64 | 0.1.4 | 12.00 | 94.00 | 106.00 | NOTE |
Version: 0.1.4
Check: Rd cross-references
Result: NOTE
Found the following Rd file(s) with Rd \link{} targets missing package
anchors:
plot_colors_3d.Rd: plotly
Please provide package anchors for all Rd \link{} targets not in the
package itself and the base packages.
Flavor: r-devel-linux-x86_64-debian-clang
Version: 0.1.4
Check: LazyData
Result: NOTE
'LazyData' is specified without a 'data' directory
Flavor: r-oldrel-windows-x86_64
These binaries (installable software) and packages are in development.
They may not be fully stable and should be used with caution. We make no claims about them.