Last updated on 2025-05-08 04:52:01 CEST.
Flavor | Version | Tinstall | Tcheck | Ttotal | Status | Flags |
---|---|---|---|---|---|---|
r-devel-linux-x86_64-debian-clang | 1.3.1 | 1.92 | 25.50 | 27.42 | NOTE | |
r-devel-linux-x86_64-debian-gcc | 1.3.1 | 1.51 | 21.20 | 22.71 | NOTE | |
r-devel-linux-x86_64-fedora-clang | 1.3.1 | 42.44 | OK | |||
r-devel-linux-x86_64-fedora-gcc | 1.3.1 | 54.85 | OK | |||
r-devel-windows-x86_64 | 1.3.1 | 3.00 | 46.00 | 49.00 | OK | |
r-patched-linux-x86_64 | 1.3.1 | 1.68 | 24.57 | 26.25 | OK | |
r-release-linux-x86_64 | 1.3.1 | 1.82 | 24.56 | 26.38 | OK | |
r-release-macos-arm64 | 1.3.1 | 23.00 | OK | |||
r-release-macos-x86_64 | 1.3.1 | 42.00 | OK | |||
r-release-windows-x86_64 | 1.3.1 | 3.00 | 46.00 | 49.00 | OK | |
r-oldrel-macos-arm64 | 1.3.1 | 26.00 | OK | |||
r-oldrel-macos-x86_64 | 1.3.1 | 32.00 | OK | |||
r-oldrel-windows-x86_64 | 1.3.1 | 3.00 | 49.00 | 52.00 | OK |
Version: 1.3.1
Check: CRAN incoming feasibility
Result: NOTE
Maintainer: ‘Damiano Fantini <damiano.fantini@gmail.com>’
No Authors@R field in DESCRIPTION.
Please add one, modifying
Authors@R: person(given = "Damiano",
family = "Fantini",
role = c("aut", "cre"),
email = "damiano.fantini@gmail.com")
as necessary.
File 'R/colorhcplot-internal.R' sets .Random.seed.
This is usually neither needed nor wanted.
Flavors: r-devel-linux-x86_64-debian-clang, r-devel-linux-x86_64-debian-gcc
These binaries (installable software) and packages are in development.
They may not be fully stable and should be used with caution. We make no claims about them.