CRAN Package Check Results for Package colorizer

Last updated on 2025-07-02 01:51:34 CEST.

Flavor Version Tinstall Tcheck Ttotal Status Flags
r-devel-linux-x86_64-debian-clang 0.1.0 5.56 39.63 45.19 OK
r-devel-linux-x86_64-debian-gcc 0.1.0 4.09 29.12 33.21 OK
r-devel-linux-x86_64-fedora-clang 0.1.0 67.19 OK
r-devel-linux-x86_64-fedora-gcc 0.1.0 64.09 OK
r-devel-windows-x86_64 0.1.0 6.00 58.00 64.00 OK
r-patched-linux-x86_64 OK
r-release-linux-x86_64 0.1.0 5.05 35.89 40.94 OK
r-release-macos-arm64 0.1.0 27.00 OK
r-release-macos-x86_64 0.1.0 39.00 OK
r-release-windows-x86_64 0.1.0 6.00 55.00 61.00 OK
r-oldrel-macos-arm64 0.1.0 23.00 NOTE
r-oldrel-macos-x86_64 0.1.0 33.00 NOTE
r-oldrel-windows-x86_64 0.1.0 8.00 71.00 79.00 NOTE

Check Details

Version: 0.1.0
Check: LazyData
Result: NOTE 'LazyData' is specified without a 'data' directory Flavors: r-oldrel-macos-arm64, r-oldrel-macos-x86_64, r-oldrel-windows-x86_64

These binaries (installable software) and packages are in development.
They may not be fully stable and should be used with caution. We make no claims about them.