Last updated on 2025-02-16 10:50:43 CET.
Flavor | Version | Tinstall | Tcheck | Ttotal | Status | Flags |
---|---|---|---|---|---|---|
r-devel-linux-x86_64-debian-clang | 0.1.0 | 5.12 | 38.45 | 43.57 | OK | |
r-devel-linux-x86_64-debian-gcc | 0.1.0 | 4.13 | 27.47 | 31.60 | OK | |
r-devel-linux-x86_64-fedora-clang | 0.1.0 | 73.76 | OK | |||
r-devel-linux-x86_64-fedora-gcc | 0.1.0 | 64.26 | OK | |||
r-devel-macos-arm64 | 0.1.0 | 23.00 | OK | |||
r-devel-macos-x86_64 | 0.1.0 | 41.00 | OK | |||
r-devel-windows-x86_64 | 0.1.0 | 6.00 | 63.00 | 69.00 | OK | |
r-patched-linux-x86_64 | 0.1.0 | 4.63 | 35.41 | 40.04 | NOTE | |
r-release-linux-x86_64 | 0.1.0 | 4.08 | 35.06 | 39.14 | NOTE | |
r-release-macos-arm64 | 0.1.0 | 23.00 | NOTE | |||
r-release-macos-x86_64 | 0.1.0 | 33.00 | NOTE | |||
r-release-windows-x86_64 | 0.1.0 | 7.00 | 60.00 | 67.00 | NOTE | |
r-oldrel-macos-arm64 | 0.1.0 | 23.00 | NOTE | |||
r-oldrel-macos-x86_64 | 0.1.0 | 35.00 | NOTE | |||
r-oldrel-windows-x86_64 | 0.1.0 | 8.00 | 61.00 | 69.00 | NOTE |
Version: 0.1.0
Check: LazyData
Result: NOTE
'LazyData' is specified without a 'data' directory
Flavors: r-patched-linux-x86_64, r-release-linux-x86_64, r-release-macos-arm64, r-release-macos-x86_64, r-release-windows-x86_64, r-oldrel-macos-arm64, r-oldrel-macos-x86_64, r-oldrel-windows-x86_64
These binaries (installable software) and packages are in development.
They may not be fully stable and should be used with caution. We make no claims about them.