CRAN Package Check Results for Package colormap

Last updated on 2025-10-03 15:49:45 CEST.

Flavor Version Tinstall Tcheck Ttotal Status Flags
r-devel-linux-x86_64-debian-clang 0.1.4 2.28 30.49 32.77 OK
r-devel-linux-x86_64-debian-gcc 0.1.4 1.92 24.34 26.26 OK
r-devel-linux-x86_64-fedora-clang 0.1.4 51.72 OK
r-devel-linux-x86_64-fedora-gcc 0.1.4 49.22 OK
r-devel-windows-x86_64 0.1.4 4.00 48.00 52.00 OK
r-patched-linux-x86_64 0.1.4 2.43 29.23 31.66 OK
r-release-linux-x86_64 0.1.4 2.20 29.29 31.49 OK
r-release-macos-arm64 0.1.4 23.00 OK
r-release-macos-x86_64 0.1.4 32.00 OK
r-release-windows-x86_64 0.1.4 4.00 48.00 52.00 OK
r-oldrel-macos-arm64 0.1.4 20.00 NOTE
r-oldrel-macos-x86_64 0.1.4 28.00 NOTE
r-oldrel-windows-x86_64 0.1.4 4.00 54.00 58.00 NOTE

Check Details

Version: 0.1.4
Check: LazyData
Result: NOTE 'LazyData' is specified without a 'data' directory Flavors: r-oldrel-macos-arm64, r-oldrel-macos-x86_64, r-oldrel-windows-x86_64

These binaries (installable software) and packages are in development.
They may not be fully stable and should be used with caution. We make no claims about them.