Last updated on 2025-02-16 10:50:43 CET.
Flavor | Version | Tinstall | Tcheck | Ttotal | Status | Flags |
---|---|---|---|---|---|---|
r-devel-linux-x86_64-debian-clang | 0.1.2 | 4.49 | 49.50 | 53.99 | NOTE | |
r-devel-linux-x86_64-debian-gcc | 0.1.2 | 3.70 | 36.09 | 39.79 | NOTE | |
r-devel-linux-x86_64-fedora-clang | 0.1.2 | 90.91 | NOTE | |||
r-devel-linux-x86_64-fedora-gcc | 0.1.2 | 95.52 | NOTE | |||
r-devel-macos-arm64 | 0.1.2 | 34.00 | OK | |||
r-devel-macos-x86_64 | 0.1.2 | 67.00 | OK | |||
r-devel-windows-x86_64 | 0.1.2 | 6.00 | 69.00 | 75.00 | NOTE | |
r-patched-linux-x86_64 | 0.1.2 | 8.53 | 46.41 | 54.94 | OK | |
r-release-linux-x86_64 | 0.1.2 | 4.26 | 46.46 | 50.72 | OK | |
r-release-macos-arm64 | 0.1.2 | 34.00 | OK | |||
r-release-macos-x86_64 | 0.1.2 | 51.00 | OK | |||
r-release-windows-x86_64 | 0.1.2 | 6.00 | 73.00 | 79.00 | OK | |
r-oldrel-macos-arm64 | 0.1.2 | 35.00 | OK | |||
r-oldrel-macos-x86_64 | 0.1.2 | 52.00 | OK | |||
r-oldrel-windows-x86_64 | 0.1.2 | 8.00 | 75.00 | 83.00 | OK |
Version: 0.1.2
Check: Rd cross-references
Result: NOTE
Found the following Rd file(s) with Rd \link{} targets missing package
anchors:
InterpolateColorFun.Rd: ggplot2
OrderDataTSP.Rd: TSP
Please provide package anchors for all Rd \link{} targets not in the
package itself and the base packages.
Flavors: r-devel-linux-x86_64-debian-clang, r-devel-linux-x86_64-debian-gcc, r-devel-windows-x86_64
Version: 0.1.2
Check: dependencies in R code
Result: NOTE
Namespaces in Imports field not imported from:
‘grid’ ‘gridExtra’
All declared Imports should be used.
Flavors: r-devel-linux-x86_64-fedora-clang, r-devel-linux-x86_64-fedora-gcc
These binaries (installable software) and packages are in development.
They may not be fully stable and should be used with caution. We make no claims about them.