CRAN Package Check Results for Package colorplane

Last updated on 2025-10-23 17:50:44 CEST.

Flavor Version Tinstall Tcheck Ttotal Status Flags
r-devel-linux-x86_64-debian-clang 0.5.0 1.81 23.01 24.82 NOTE
r-devel-linux-x86_64-debian-gcc 0.5.0 1.80 19.16 20.96 OK
r-devel-linux-x86_64-fedora-clang 0.5.0 27.48 OK
r-devel-linux-x86_64-fedora-gcc 0.5.0 33.87 OK
r-devel-windows-x86_64 0.5.0 4.00 42.00 46.00 OK
r-patched-linux-x86_64 0.5.0 2.26 20.78 23.04 OK
r-release-linux-x86_64 0.5.0 2.18 20.68 22.86 OK
r-release-macos-arm64 0.5.0 1.00 15.00 16.00 OK
r-release-macos-x86_64 0.5.0 2.00 23.00 25.00 OK
r-release-windows-x86_64 0.5.0 4.00 50.00 54.00 OK
r-oldrel-macos-arm64 0.5.0 1.00 19.00 20.00 OK
r-oldrel-macos-x86_64 0.5.0 2.00 20.00 22.00 OK
r-oldrel-windows-x86_64 0.5.0 3.00 48.00 51.00 OK

Check Details

Version: 0.5.0
Check: HTML version of manual
Result: NOTE Found the following HTML validation problems: multiply_alpha.html:50:1 (multiply_alpha.Rd:12): Warning: missing </ul> before </div> Flavor: r-devel-linux-x86_64-debian-clang

These binaries (installable software) and packages are in development.
They may not be fully stable and should be used with caution. We make no claims about them.