CRAN Package Check Results for Package colouR

Last updated on 2025-07-02 03:50:38 CEST.

Flavor Version Tinstall Tcheck Ttotal Status Flags
r-devel-linux-x86_64-debian-clang 0.1.1 6.14 77.30 83.44 NOTE
r-devel-linux-x86_64-debian-gcc 0.1.1 4.15 56.08 60.23 NOTE
r-devel-linux-x86_64-fedora-clang 0.1.1 126.51 OK
r-devel-linux-x86_64-fedora-gcc 0.1.1 139.49 OK
r-devel-windows-x86_64 0.1.1 8.00 93.00 101.00 OK
r-patched-linux-x86_64 OK
r-release-linux-x86_64 0.1.1 5.07 73.82 78.89 OK
r-release-macos-arm64 0.1.1 60.00 OK
r-release-macos-x86_64 0.1.1 103.00 OK
r-release-windows-x86_64 0.1.1 8.00 92.00 100.00 OK
r-oldrel-macos-arm64 0.1.1 45.00 OK
r-oldrel-macos-x86_64 0.1.1 70.00 OK
r-oldrel-windows-x86_64 0.1.1 10.00 113.00 123.00 OK

Check Details

Version: 0.1.1
Check: CRAN incoming feasibility
Result: NOTE Maintainer: ‘Alan Inglis <alan.n.inglis@gmail.com>’ No Authors@R field in DESCRIPTION. Please add one, modifying Authors@R: person(given = "Alan", family = "Inglis", role = c("aut", "cre"), email = "alan.n.inglis@gmail.com") as necessary. Flavors: r-devel-linux-x86_64-debian-clang, r-devel-linux-x86_64-debian-gcc

These binaries (installable software) and packages are in development.
They may not be fully stable and should be used with caution. We make no claims about them.