Last updated on 2025-07-02 03:50:38 CEST.
Flavor | Version | Tinstall | Tcheck | Ttotal | Status | Flags |
---|---|---|---|---|---|---|
r-devel-linux-x86_64-debian-clang | 0.8 | 11.59 | 76.47 | 88.06 | NOTE | |
r-devel-linux-x86_64-debian-gcc | 0.8 | 7.89 | 54.24 | 62.13 | NOTE | |
r-devel-linux-x86_64-fedora-clang | 0.8 | 133.30 | NOTE | |||
r-devel-linux-x86_64-fedora-gcc | 0.8 | 129.24 | NOTE | |||
r-devel-windows-x86_64 | 0.8 | 15.00 | 97.00 | 112.00 | NOTE | |
r-patched-linux-x86_64 | NOTE | |||||
r-release-linux-x86_64 | 0.8 | 10.74 | 72.29 | 83.03 | NOTE | |
r-release-macos-arm64 | 0.8 | 46.00 | NOTE | |||
r-release-macos-x86_64 | 0.8 | 83.00 | NOTE | |||
r-release-windows-x86_64 | 0.8 | 13.00 | 93.00 | 106.00 | NOTE | |
r-oldrel-macos-arm64 | 0.8 | 41.00 | OK | |||
r-oldrel-macos-x86_64 | 0.8 | 88.00 | OK | |||
r-oldrel-windows-x86_64 | 0.8 | 14.00 | 117.00 | 131.00 | OK |
Version: 0.8
Check: DESCRIPTION meta-information
Result: NOTE
Missing dependency on R >= 4.1.0 because package code uses the pipe
|> or function shorthand \(...) syntax added in R 4.1.0.
File(s) using such syntax:
‘c4a.Rd’ ‘c4a_plot_hcl_space.R’ ‘c4a_table.R’
Flavors: r-devel-linux-x86_64-debian-clang, r-devel-linux-x86_64-debian-gcc, r-devel-linux-x86_64-fedora-clang, r-devel-linux-x86_64-fedora-gcc, r-devel-windows-x86_64, r-patched-linux-x86_64, r-release-linux-x86_64, r-release-macos-arm64, r-release-macos-x86_64, r-release-windows-x86_64
These binaries (installable software) and packages are in development.
They may not be fully stable and should be used with caution. We make no claims about them.