Last updated on 2025-05-23 11:55:51 CEST.
Flavor | Version | Tinstall | Tcheck | Ttotal | Status | Flags |
---|---|---|---|---|---|---|
r-devel-linux-x86_64-debian-clang | 0.1.1 | 1.79 | 21.18 | 22.97 | NOTE | |
r-devel-linux-x86_64-debian-gcc | 0.1.1 | 1.54 | 17.45 | 18.99 | NOTE | |
r-devel-linux-x86_64-fedora-clang | 0.1.1 | 34.08 | NOTE | |||
r-devel-linux-x86_64-fedora-gcc | 0.1.1 | 32.85 | NOTE | |||
r-devel-windows-x86_64 | 0.1.1 | 3.00 | 76.00 | 79.00 | NOTE | |
r-patched-linux-x86_64 | 0.1.1 | 1.95 | 19.36 | 21.31 | NOTE | |
r-release-linux-x86_64 | 0.1.1 | 1.80 | 19.56 | 21.36 | NOTE | |
r-release-macos-arm64 | 0.1.1 | 17.00 | NOTE | |||
r-release-macos-x86_64 | 0.1.1 | 28.00 | NOTE | |||
r-release-windows-x86_64 | 0.1.1 | 4.00 | 68.00 | 72.00 | NOTE | |
r-oldrel-macos-arm64 | 0.1.1 | 21.00 | NOTE | |||
r-oldrel-macos-x86_64 | 0.1.1 | 29.00 | NOTE | |||
r-oldrel-windows-x86_64 | 0.1.1 | 4.00 | 46.00 | 50.00 | NOTE |
Version: 0.1.1
Check: dependencies in R code
Result: NOTE
Unexported object imported by a ':::' call: ‘crayon:::mypaste’
See the note in ?`:::` about the use of this operator.
Flavors: r-devel-linux-x86_64-debian-clang, r-devel-linux-x86_64-debian-gcc, r-devel-linux-x86_64-fedora-clang, r-devel-linux-x86_64-fedora-gcc, r-devel-windows-x86_64, r-patched-linux-x86_64, r-release-linux-x86_64, r-release-macos-arm64, r-release-macos-x86_64, r-release-windows-x86_64, r-oldrel-macos-arm64, r-oldrel-macos-x86_64, r-oldrel-windows-x86_64
These binaries (installable software) and packages are in development.
They may not be fully stable and should be used with caution. We make no claims about them.