Last updated on 2025-11-14 21:49:55 CET.
| Flavor | Version | Tinstall | Tcheck | Ttotal | Status | Flags |
|---|---|---|---|---|---|---|
| r-devel-linux-x86_64-debian-clang | 0.1.1 | 1.87 | 22.68 | 24.55 | NOTE | |
| r-devel-linux-x86_64-debian-gcc | 0.1.1 | 1.44 | 19.53 | 20.97 | NOTE | |
| r-devel-linux-x86_64-fedora-clang | 0.1.1 | 34.73 | NOTE | |||
| r-devel-linux-x86_64-fedora-gcc | 0.1.1 | 33.32 | NOTE | |||
| r-devel-windows-x86_64 | 0.1.1 | 5.00 | 41.00 | 46.00 | NOTE | |
| r-patched-linux-x86_64 | 0.1.1 | 1.66 | 20.58 | 22.24 | NOTE | |
| r-release-linux-x86_64 | 0.1.1 | 1.65 | 20.75 | 22.40 | NOTE | |
| r-release-macos-arm64 | 0.1.1 | 1.00 | 16.00 | 17.00 | NOTE | |
| r-release-macos-x86_64 | 0.1.1 | 3.00 | 25.00 | 28.00 | NOTE | |
| r-release-windows-x86_64 | 0.1.1 | 3.00 | 40.00 | 43.00 | NOTE | |
| r-oldrel-macos-arm64 | 0.1.1 | 1.00 | 20.00 | 21.00 | NOTE | |
| r-oldrel-macos-x86_64 | 0.1.1 | 2.00 | 27.00 | 29.00 | NOTE | |
| r-oldrel-windows-x86_64 | 0.1.1 | 3.00 | 46.00 | 49.00 | NOTE |
Version: 0.1.1
Check: dependencies in R code
Result: NOTE
Unexported object imported by a ':::' call: ‘crayon:::mypaste’
See the note in ?`:::` about the use of this operator.
Flavors: r-devel-linux-x86_64-debian-clang, r-devel-linux-x86_64-debian-gcc, r-devel-linux-x86_64-fedora-clang, r-devel-linux-x86_64-fedora-gcc, r-devel-windows-x86_64, r-patched-linux-x86_64, r-release-linux-x86_64, r-release-macos-arm64, r-release-macos-x86_64, r-release-windows-x86_64, r-oldrel-macos-arm64, r-oldrel-macos-x86_64, r-oldrel-windows-x86_64
These binaries (installable software) and packages are in development.
They may not be fully stable and should be used with caution. We make no claims about them.