Last updated on 2025-05-22 06:51:41 CEST.
Flavor | Version | Tinstall | Tcheck | Ttotal | Status | Flags |
---|---|---|---|---|---|---|
r-devel-linux-x86_64-debian-clang | 1.1 | 9.59 | 76.51 | 86.10 | NOTE | |
r-devel-linux-x86_64-debian-gcc | 1.1 | 6.68 | 56.99 | 63.67 | NOTE | |
r-devel-linux-x86_64-fedora-clang | 1.1 | 132.40 | OK | |||
r-devel-linux-x86_64-fedora-gcc | 1.1 | 128.86 | OK | |||
r-devel-windows-x86_64 | 1.1 | 11.00 | 118.00 | 129.00 | OK | |
r-patched-linux-x86_64 | 1.1 | 9.62 | 73.18 | 82.80 | OK | |
r-release-linux-x86_64 | 1.1 | 6.75 | 73.50 | 80.25 | OK | |
r-release-macos-arm64 | 1.1 | 43.00 | OK | |||
r-release-macos-x86_64 | 1.1 | 80.00 | OK | |||
r-release-windows-x86_64 | 1.1 | 13.00 | 138.00 | 151.00 | OK | |
r-oldrel-macos-arm64 | 1.1 | 40.00 | OK | |||
r-oldrel-macos-x86_64 | 1.1 | 57.00 | OK | |||
r-oldrel-windows-x86_64 | 1.1 | 14.00 | 116.00 | 130.00 | OK |
Version: 1.1
Check: CRAN incoming feasibility
Result: NOTE
Maintainer: ‘Andreas Muehling <andreas.muehling@tum.de>’
No Authors@R field in DESCRIPTION.
Please add one, modifying
Authors@R: person(given = "Andreas",
family = "Muehling",
role = c("aut", "cre"),
email = "andreas.muehling@tum.de")
as necessary.
Flavors: r-devel-linux-x86_64-debian-clang, r-devel-linux-x86_64-debian-gcc
These binaries (installable software) and packages are in development.
They may not be fully stable and should be used with caution. We make no claims about them.