Last updated on 2025-02-16 10:50:43 CET.
Flavor | Version | Tinstall | Tcheck | Ttotal | Status | Flags |
---|---|---|---|---|---|---|
r-devel-linux-x86_64-debian-clang | 2.0.0 | 33.69 | 48.88 | 82.57 | NOTE | |
r-devel-linux-x86_64-debian-gcc | 2.0.0 | 21.80 | 36.96 | 58.76 | NOTE | |
r-devel-linux-x86_64-fedora-clang | 2.0.0 | 138.11 | NOTE | |||
r-devel-linux-x86_64-fedora-gcc | 2.0.0 | 138.69 | NOTE | |||
r-devel-macos-arm64 | 2.0.0 | 36.00 | NOTE | |||
r-devel-macos-x86_64 | 2.0.0 | 60.00 | NOTE | |||
r-devel-windows-x86_64 | 2.0.0 | 32.00 | 82.00 | 114.00 | NOTE | |
r-patched-linux-x86_64 | 2.0.0 | 30.55 | 48.91 | 79.46 | NOTE | |
r-release-linux-x86_64 | 2.0.0 | 34.28 | 46.77 | 81.05 | NOTE | |
r-release-macos-arm64 | 2.0.0 | 37.00 | NOTE | |||
r-release-macos-x86_64 | 2.0.0 | 58.00 | NOTE | |||
r-release-windows-x86_64 | 2.0.0 | 33.00 | 84.00 | 117.00 | NOTE | |
r-oldrel-macos-arm64 | 2.0.0 | 38.00 | NOTE | |||
r-oldrel-macos-x86_64 | 2.0.0 | 68.00 | NOTE | |||
r-oldrel-windows-x86_64 | 2.0.0 | 41.00 | 105.00 | 146.00 | NOTE |
Version: 2.0.0
Check: C++ specification
Result: NOTE
Specified C++11: please drop specification unless essential
Flavors: r-devel-linux-x86_64-debian-clang, r-devel-linux-x86_64-debian-gcc, r-devel-linux-x86_64-fedora-clang, r-devel-linux-x86_64-fedora-gcc, r-devel-macos-arm64, r-devel-macos-x86_64, r-devel-windows-x86_64, r-patched-linux-x86_64, r-release-linux-x86_64, r-release-macos-arm64, r-release-macos-x86_64, r-release-windows-x86_64, r-oldrel-macos-arm64, r-oldrel-macos-x86_64, r-oldrel-windows-x86_64
These binaries (installable software) and packages are in development.
They may not be fully stable and should be used with caution. We make no claims about them.