Last updated on 2025-11-11 15:50:30 CET.
| Flavor | Version | Tinstall | Tcheck | Ttotal | Status | Flags |
|---|---|---|---|---|---|---|
| r-devel-linux-x86_64-debian-clang | 1.0.3 | 20.42 | 36.91 | 57.33 | OK | |
| r-devel-linux-x86_64-debian-gcc | 1.0.3 | 13.27 | 27.14 | 40.41 | OK | |
| r-devel-linux-x86_64-fedora-clang | 1.0.3 | 40.00 | 55.42 | 95.42 | OK | |
| r-devel-linux-x86_64-fedora-gcc | 1.0.3 | 45.00 | 40.74 | 85.74 | OK | |
| r-devel-windows-x86_64 | 1.0.3 | 23.00 | 72.00 | 95.00 | OK | |
| r-patched-linux-x86_64 | 1.0.3 | 19.60 | 33.60 | 53.20 | OK | |
| r-release-linux-x86_64 | 1.0.3 | 19.09 | 33.99 | 53.08 | OK | |
| r-release-macos-arm64 | 1.0.3 | 9.00 | 20.00 | 29.00 | OK | |
| r-release-macos-x86_64 | 1.0.3 | 10.00 | 40.00 | 50.00 | OK | |
| r-release-windows-x86_64 | 1.0.3 | 24.00 | 73.00 | 97.00 | OK | |
| r-oldrel-macos-arm64 | 1.0.3 | 7.00 | 27.00 | 34.00 | NOTE | |
| r-oldrel-macos-x86_64 | 1.0.3 | 14.00 | 32.00 | 46.00 | NOTE | |
| r-oldrel-windows-x86_64 | 1.0.3 | 24.00 | 84.00 | 108.00 | NOTE |
Version: 1.0.3
Check: LazyData
Result: NOTE
'LazyData' is specified without a 'data' directory
Flavors: r-oldrel-macos-arm64, r-oldrel-macos-x86_64, r-oldrel-windows-x86_64
These binaries (installable software) and packages are in development.
They may not be fully stable and should be used with caution. We make no claims about them.