CRAN Package Check Results for Package combiter

Last updated on 2025-05-03 22:49:50 CEST.

Flavor Version Tinstall Tcheck Ttotal Status Flags
r-devel-linux-x86_64-debian-clang 1.0.3 21.14 34.84 55.98 OK
r-devel-linux-x86_64-debian-gcc 1.0.3 14.23 27.00 41.23 OK
r-devel-linux-x86_64-fedora-clang 1.0.3 96.90 OK
r-devel-linux-x86_64-fedora-gcc 1.0.3 92.07 OK
r-devel-windows-x86_64 1.0.3 24.00 74.00 98.00 OK
r-patched-linux-x86_64 1.0.3 19.29 33.31 52.60 OK
r-release-linux-x86_64 OK
r-release-macos-arm64 1.0.3 29.00 OK
r-release-macos-x86_64 1.0.3 50.00 OK
r-release-windows-x86_64 1.0.3 25.00 74.00 99.00 OK
r-oldrel-macos-arm64 1.0.3 34.00 NOTE
r-oldrel-macos-x86_64 1.0.3 46.00 NOTE
r-oldrel-windows-x86_64 1.0.3 25.00 86.00 111.00 NOTE

Check Details

Version: 1.0.3
Check: LazyData
Result: NOTE 'LazyData' is specified without a 'data' directory Flavors: r-oldrel-macos-arm64, r-oldrel-macos-x86_64, r-oldrel-windows-x86_64

These binaries (installable software) and packages are in development.
They may not be fully stable and should be used with caution. We make no claims about them.