CRAN Package Check Results for Package combiter

Last updated on 2025-07-09 15:49:40 CEST.

Flavor Version Tinstall Tcheck Ttotal Status Flags
r-devel-linux-x86_64-debian-clang 1.0.3 21.27 35.88 57.15 OK
r-devel-linux-x86_64-debian-gcc 1.0.3 14.73 26.14 40.87 OK
r-devel-linux-x86_64-fedora-clang 1.0.3 94.89 OK
r-devel-linux-x86_64-fedora-gcc 1.0.3 85.47 OK
r-devel-windows-x86_64 1.0.3 23.00 74.00 97.00 OK
r-patched-linux-x86_64 1.0.3 20.72 32.24 52.96 OK
r-release-linux-x86_64 1.0.3 19.72 32.15 51.87 OK
r-release-macos-arm64 1.0.3 29.00 OK
r-release-macos-x86_64 1.0.3 50.00 OK
r-release-windows-x86_64 1.0.3 25.00 75.00 100.00 OK
r-oldrel-macos-arm64 1.0.3 34.00 NOTE
r-oldrel-macos-x86_64 1.0.3 46.00 NOTE
r-oldrel-windows-x86_64 1.0.3 23.00 87.00 110.00 NOTE

Check Details

Version: 1.0.3
Check: LazyData
Result: NOTE 'LazyData' is specified without a 'data' directory Flavors: r-oldrel-macos-arm64, r-oldrel-macos-x86_64, r-oldrel-windows-x86_64

These binaries (installable software) and packages are in development.
They may not be fully stable and should be used with caution. We make no claims about them.