CRAN Package Check Results for Package combiter

Last updated on 2025-10-03 15:49:45 CEST.

Flavor Version Tinstall Tcheck Ttotal Status Flags
r-devel-linux-x86_64-debian-clang 1.0.3 20.27 36.68 56.95 OK
r-devel-linux-x86_64-debian-gcc 1.0.3 13.07 27.53 40.60 OK
r-devel-linux-x86_64-fedora-clang 1.0.3 92.21 OK
r-devel-linux-x86_64-fedora-gcc 1.0.3 87.92 OK
r-devel-windows-x86_64 1.0.3 25.00 71.00 96.00 OK
r-patched-linux-x86_64 1.0.3 19.97 34.45 54.42 OK
r-release-linux-x86_64 1.0.3 18.62 33.89 52.51 OK
r-release-macos-arm64 1.0.3 29.00 OK
r-release-macos-x86_64 1.0.3 50.00 OK
r-release-windows-x86_64 1.0.3 24.00 72.00 96.00 OK
r-oldrel-macos-arm64 1.0.3 34.00 NOTE
r-oldrel-macos-x86_64 1.0.3 46.00 NOTE
r-oldrel-windows-x86_64 1.0.3 25.00 88.00 113.00 NOTE

Check Details

Version: 1.0.3
Check: LazyData
Result: NOTE 'LazyData' is specified without a 'data' directory Flavors: r-oldrel-macos-arm64, r-oldrel-macos-x86_64, r-oldrel-windows-x86_64

These binaries (installable software) and packages are in development.
They may not be fully stable and should be used with caution. We make no claims about them.