CRAN Package Check Results for Package comclim

Last updated on 2025-10-09 23:51:10 CEST.

Flavor Version Tinstall Tcheck Ttotal Status Flags
r-devel-linux-x86_64-debian-clang 0.9.6 2.22 144.08 146.30 NOTE
r-devel-linux-x86_64-debian-gcc 0.9.6 1.70 77.78 79.48 NOTE
r-devel-linux-x86_64-fedora-clang 0.9.6 155.77 OK
r-devel-linux-x86_64-fedora-gcc 0.9.6 231.93 OK
r-devel-windows-x86_64 0.9.6 4.00 137.00 141.00 OK
r-patched-linux-x86_64 0.9.6 2.35 128.49 130.84 OK
r-release-linux-x86_64 0.9.6 1.96 135.29 137.25 OK
r-release-macos-arm64 0.9.6 56.00 OK
r-release-macos-x86_64 0.9.6 143.00 OK
r-release-windows-x86_64 0.9.6 4.00 137.00 141.00 OK
r-oldrel-macos-arm64 0.9.6 58.00 OK
r-oldrel-macos-x86_64 0.9.6 106.00 OK
r-oldrel-windows-x86_64 0.9.6 3.00 133.00 136.00 OK

Check Details

Version: 0.9.6
Check: CRAN incoming feasibility
Result: NOTE Maintainer: ‘Benjamin Blonder <benjamin.blonder@berkeley.edu>’ No Authors@R field in DESCRIPTION. Please add one, modifying Authors@R: person(given = "Benjamin", family = "Blonder", role = c("aut", "cre"), email = "benjamin.blonder@berkeley.edu") as necessary. Flavors: r-devel-linux-x86_64-debian-clang, r-devel-linux-x86_64-debian-gcc

These binaries (installable software) and packages are in development.
They may not be fully stable and should be used with caution. We make no claims about them.