Last updated on 2024-07-27 15:50:14 CEST.
Flavor | Version | Tinstall | Tcheck | Ttotal | Status | Flags |
---|---|---|---|---|---|---|
r-devel-linux-x86_64-debian-clang | 0.1.2 | 33.29 | 44.51 | 77.80 | NOTE | |
r-devel-linux-x86_64-debian-gcc | 0.1.2 | NOTE | ||||
r-devel-linux-x86_64-fedora-clang | 0.1.2 | 109.13 | NOTE | |||
r-devel-linux-x86_64-fedora-gcc | 0.1.2 | 104.21 | NOTE | |||
r-devel-windows-x86_64 | 0.1.2 | 26.00 | 75.00 | 101.00 | NOTE | |
r-patched-linux-x86_64 | 0.1.2 | NOTE | ||||
r-release-linux-x86_64 | 0.1.2 | 31.32 | 43.49 | 74.81 | NOTE | |
r-release-macos-arm64 | 0.1.2 | 28.00 | NOTE | |||
r-release-macos-x86_64 | 0.1.2 | 44.00 | NOTE | |||
r-release-windows-x86_64 | 0.1.2 | 28.00 | 76.00 | 104.00 | NOTE | |
r-oldrel-macos-arm64 | 0.1.2 | 32.00 | NOTE | |||
r-oldrel-macos-x86_64 | 0.1.2 | 52.00 | NOTE | |||
r-oldrel-windows-x86_64 | 0.1.2 | 22.00 | 89.00 | 111.00 | NOTE |
Version: 0.1.2
Check: C++ specification
Result: NOTE
Specified C++11: please drop specification unless essential
Flavors: r-devel-linux-x86_64-debian-clang, r-devel-linux-x86_64-debian-gcc, r-devel-linux-x86_64-fedora-clang, r-devel-linux-x86_64-fedora-gcc, r-devel-windows-x86_64, r-patched-linux-x86_64, r-release-linux-x86_64, r-release-macos-arm64, r-release-macos-x86_64, r-release-windows-x86_64, r-oldrel-macos-arm64, r-oldrel-macos-x86_64, r-oldrel-windows-x86_64
These binaries (installable software) and packages are in development.
They may not be fully stable and should be used with caution. We make no claims about them.