Last updated on 2025-05-01 15:49:28 CEST.
Flavor | Version | Tinstall | Tcheck | Ttotal | Status | Flags |
---|---|---|---|---|---|---|
r-devel-linux-x86_64-debian-clang | 0.2-6 | 3.48 | 34.89 | 38.37 | NOTE | |
r-devel-linux-x86_64-debian-gcc | 0.2-6 | 2.27 | 27.17 | 29.44 | NOTE | |
r-devel-linux-x86_64-fedora-clang | 0.2-6 | 59.56 | OK | |||
r-devel-linux-x86_64-fedora-gcc | 0.2-6 | 71.65 | OK | |||
r-devel-windows-x86_64 | 0.2-6 | 5.00 | 80.00 | 85.00 | OK | |
r-patched-linux-x86_64 | 0.2-6 | 3.48 | 33.12 | 36.60 | OK | |
r-release-linux-x86_64 | OK | |||||
r-release-macos-arm64 | 0.2-6 | 33.00 | OK | |||
r-release-macos-x86_64 | 0.2-6 | 58.00 | OK | |||
r-release-windows-x86_64 | 0.2-6 | 6.00 | 90.00 | 96.00 | OK | |
r-oldrel-macos-arm64 | 0.2-6 | 38.00 | OK | |||
r-oldrel-macos-x86_64 | 0.2-6 | 47.00 | OK | |||
r-oldrel-windows-x86_64 | 0.2-6 | 5.00 | 78.00 | 83.00 | OK |
Version: 0.2-6
Check: CRAN incoming feasibility
Result: NOTE
Maintainer: ‘Paul Murrell <p.murrell@auckland.ac.nz>’
No Authors@R field in DESCRIPTION.
Please add one, modifying
Authors@R: person(given = "Paul",
family = "Murrell",
role = c("aut", "cre"),
email = "p.murrell@auckland.ac.nz")
as necessary.
Flavors: r-devel-linux-x86_64-debian-clang, r-devel-linux-x86_64-debian-gcc
These binaries (installable software) and packages are in development.
They may not be fully stable and should be used with caution. We make no claims about them.