Last updated on 2025-02-16 10:50:43 CET.
Flavor | Version | Tinstall | Tcheck | Ttotal | Status | Flags |
---|---|---|---|---|---|---|
r-devel-linux-x86_64-debian-clang | 1.3.2 | 2.26 | 25.67 | 27.93 | OK | |
r-devel-linux-x86_64-debian-gcc | 1.3.2 | 1.92 | 24.30 | 26.22 | OK | |
r-devel-linux-x86_64-fedora-clang | 1.3.2 | 46.62 | NOTE | |||
r-devel-linux-x86_64-fedora-gcc | 1.3.2 | 48.61 | NOTE | |||
r-devel-macos-arm64 | 1.3.2 | 20.00 | OK | |||
r-devel-macos-x86_64 | 1.3.2 | 35.00 | OK | |||
r-devel-windows-x86_64 | 1.3.2 | 5.00 | 56.00 | 61.00 | OK | |
r-patched-linux-x86_64 | 1.3.2 | 2.26 | 28.92 | 31.18 | OK | |
r-release-linux-x86_64 | 1.3.2 | 2.21 | 28.38 | 30.59 | OK | |
r-release-macos-arm64 | 1.3.2 | 24.00 | OK | |||
r-release-macos-x86_64 | 1.3.2 | 28.00 | OK | |||
r-release-windows-x86_64 | 1.3.2 | 5.00 | 46.00 | 51.00 | OK | |
r-oldrel-macos-arm64 | 1.3.2 | 21.00 | OK | |||
r-oldrel-macos-x86_64 | 1.3.2 | 29.00 | OK | |||
r-oldrel-windows-x86_64 | 1.3.2 | 6.00 | 50.00 | 56.00 | OK |
Version: 1.3.2
Check: compiled code
Result: NOTE
File ‘compareC/libs/compareC.so’:
Found no calls to: ‘R_registerRoutines’, ‘R_useDynamicSymbols’
It is good practice to register native routines and to disable symbol
search.
See ‘Writing portable packages’ in the ‘Writing R Extensions’ manual.
Flavors: r-devel-linux-x86_64-fedora-clang, r-devel-linux-x86_64-fedora-gcc
These binaries (installable software) and packages are in development.
They may not be fully stable and should be used with caution. We make no claims about them.