Last updated on 2025-05-21 23:48:39 CEST.
Flavor | Version | Tinstall | Tcheck | Ttotal | Status | Flags |
---|---|---|---|---|---|---|
r-devel-linux-x86_64-debian-clang | 0.6.0 | 10.64 | 220.43 | 231.07 | NOTE | |
r-devel-linux-x86_64-debian-gcc | 0.6.0 | 7.27 | 164.31 | 171.58 | NOTE | |
r-devel-linux-x86_64-fedora-clang | 0.6.0 | 387.62 | NOTE | |||
r-devel-linux-x86_64-fedora-gcc | 0.6.0 | 402.78 | NOTE | |||
r-devel-windows-x86_64 | 0.6.0 | 15.00 | 256.00 | 271.00 | NOTE | |
r-patched-linux-x86_64 | 0.6.0 | 10.86 | 209.97 | 220.83 | NOTE | |
r-release-linux-x86_64 | 0.6.0 | 10.32 | 214.29 | 224.61 | NOTE | |
r-release-macos-arm64 | 0.6.0 | 116.00 | NOTE | |||
r-release-macos-x86_64 | 0.6.0 | 187.00 | NOTE | |||
r-release-windows-x86_64 | 0.6.0 | 12.00 | 229.00 | 241.00 | NOTE | |
r-oldrel-macos-arm64 | 0.6.0 | 97.00 | OK | |||
r-oldrel-macos-x86_64 | 0.6.0 | 164.00 | OK | |||
r-oldrel-windows-x86_64 | 0.6.0 | 15.00 | 279.00 | 294.00 | OK |
Version: 0.6.0
Check: DESCRIPTION meta-information
Result: NOTE
Missing dependency on R >= 4.1.0 because package code uses the pipe
|> or function shorthand \(...) syntax added in R 4.1.0.
File(s) using such syntax:
‘compareMCMCs.R’ ‘metrics-addMetrics.R’
Flavors: r-devel-linux-x86_64-debian-clang, r-devel-linux-x86_64-debian-gcc, r-devel-linux-x86_64-fedora-clang, r-devel-linux-x86_64-fedora-gcc, r-devel-windows-x86_64, r-patched-linux-x86_64, r-release-linux-x86_64, r-release-macos-arm64, r-release-macos-x86_64, r-release-windows-x86_64
These binaries (installable software) and packages are in development.
They may not be fully stable and should be used with caution. We make no claims about them.