Last updated on 2025-05-01 08:52:29 CEST.
Flavor | Version | Tinstall | Tcheck | Ttotal | Status | Flags |
---|---|---|---|---|---|---|
r-devel-linux-x86_64-debian-clang | 0.1.1 | 13.85 | 71.75 | 85.60 | NOTE | |
r-devel-linux-x86_64-debian-gcc | 0.1.1 | 9.27 | 51.10 | 60.37 | NOTE | |
r-devel-linux-x86_64-fedora-clang | 0.1.1 | 137.33 | NOTE | |||
r-devel-linux-x86_64-fedora-gcc | 0.1.1 | 142.17 | NOTE | |||
r-devel-windows-x86_64 | 0.1.1 | 18.00 | 106.00 | 124.00 | NOTE | |
r-patched-linux-x86_64 | 0.1.1 | 14.91 | 66.46 | 81.37 | NOTE | |
r-release-linux-x86_64 | NOTE | |||||
r-release-macos-arm64 | 0.1.1 | 50.00 | NOTE | |||
r-release-macos-x86_64 | 0.1.1 | 100.00 | NOTE | |||
r-release-windows-x86_64 | 0.1.1 | 18.00 | 110.00 | 128.00 | NOTE | |
r-oldrel-macos-arm64 | 0.1.1 | 53.00 | NOTE | |||
r-oldrel-macos-x86_64 | 0.1.1 | 89.00 | NOTE | |||
r-oldrel-windows-x86_64 | 0.1.1 | 20.00 | 121.00 | 141.00 | NOTE |
Version: 0.1.1
Check: Rd files
Result: NOTE
checkRd: (-1) keener.Rd:82: Lost braces; missing escapes or markup?
82 | a_{ij} = (S_ij + 1) / (S_ij + S_ji + 2). This step should make comparing
| ^
Flavors: r-devel-linux-x86_64-debian-clang, r-devel-linux-x86_64-debian-gcc, r-devel-linux-x86_64-fedora-clang, r-devel-linux-x86_64-fedora-gcc, r-devel-windows-x86_64, r-patched-linux-x86_64, r-release-linux-x86_64, r-release-macos-arm64, r-release-macos-x86_64, r-release-windows-x86_64, r-oldrel-macos-arm64, r-oldrel-macos-x86_64, r-oldrel-windows-x86_64
These binaries (installable software) and packages are in development.
They may not be fully stable and should be used with caution. We make no claims about them.