Last updated on 2025-02-02 07:50:06 CET.
Flavor | Version | Tinstall | Tcheck | Ttotal | Status | Flags |
---|---|---|---|---|---|---|
r-devel-linux-x86_64-debian-clang | 1.0.0 | 24.48 | 45.78 | 70.26 | NOTE | |
r-devel-linux-x86_64-debian-gcc | 1.0.0 | 15.37 | 34.69 | 50.06 | NOTE | |
r-devel-linux-x86_64-fedora-clang | 1.0.0 | 131.15 | NOTE | |||
r-devel-linux-x86_64-fedora-gcc | 1.0.0 | 120.68 | NOTE | |||
r-devel-windows-x86_64 | 1.0.0 | 27.00 | 80.00 | 107.00 | NOTE | |
r-patched-linux-x86_64 | 1.0.0 | 22.46 | 43.57 | 66.03 | OK | |
r-release-linux-x86_64 | 1.0.0 | 22.84 | 43.44 | 66.28 | OK | |
r-release-macos-arm64 | 1.0.0 | 35.00 | OK | |||
r-release-macos-x86_64 | 1.0.0 | 57.00 | OK | |||
r-release-windows-x86_64 | 1.0.0 | 24.00 | 80.00 | 104.00 | OK | |
r-oldrel-macos-arm64 | 1.0.0 | 43.00 | OK | |||
r-oldrel-macos-x86_64 | 1.0.0 | 91.00 | OK | |||
r-oldrel-windows-x86_64 | 1.0.0 | 30.00 | 93.00 | 123.00 | OK |
Version: 1.0.0
Check: DESCRIPTION meta-information
Result: NOTE
Missing dependency on R >= 4.1.0 because package code uses the pipe
|> or function shorthand \(...) syntax added in R 4.1.0.
File(s) using such syntax:
‘cacf.R’
Flavors: r-devel-linux-x86_64-debian-clang, r-devel-linux-x86_64-debian-gcc, r-devel-linux-x86_64-fedora-clang, r-devel-linux-x86_64-fedora-gcc, r-devel-windows-x86_64
These binaries (installable software) and packages are in development.
They may not be fully stable and should be used with caution. We make no claims about them.