CRAN Package Check Results for Package complexlm

Last updated on 2025-05-01 14:49:06 CEST.

Flavor Version Tinstall Tcheck Ttotal Status Flags
r-devel-linux-x86_64-debian-clang 1.1.2 4.19 38.16 42.35 NOTE
r-devel-linux-x86_64-debian-gcc 1.1.2 3.04 28.04 31.08 NOTE
r-devel-linux-x86_64-fedora-clang 1.1.2 65.73 OK
r-devel-linux-x86_64-fedora-gcc 1.1.2 67.37 OK
r-devel-windows-x86_64 1.1.2 6.00 67.00 73.00 NOTE
r-patched-linux-x86_64 1.1.2 4.97 36.40 41.37 NOTE
r-release-linux-x86_64 NOTE
r-release-macos-arm64 1.1.2 22.00 OK
r-release-macos-x86_64 1.1.2 43.00 OK
r-release-windows-x86_64 1.1.2 6.00 69.00 75.00 NOTE
r-oldrel-macos-arm64 1.1.2 25.00 OK
r-oldrel-macos-x86_64 1.1.2 37.00 OK
r-oldrel-windows-x86_64 1.1.2 7.00 67.00 74.00 OK

Check Details

Version: 1.1.2
Check: CRAN incoming feasibility
Result: NOTE Maintainer: ‘William Ryan <wryan1@binghamton.edu>’ Package has help file(s) containing later-stage \Sexpr{} expressions but no 'build/stage23.rdb' file. Flavors: r-devel-linux-x86_64-debian-clang, r-devel-linux-x86_64-debian-gcc

Version: 1.1.2
Check: Rd cross-references
Result: NOTE Found the following Rd file(s) with Rd \link{} targets missing package anchors: rlm.Rd: lqs Please provide package anchors for all Rd \link{} targets not in the package itself and the base packages. Flavors: r-devel-linux-x86_64-debian-clang, r-devel-linux-x86_64-debian-gcc, r-devel-windows-x86_64, r-patched-linux-x86_64, r-release-linux-x86_64, r-release-windows-x86_64

These binaries (installable software) and packages are in development.
They may not be fully stable and should be used with caution. We make no claims about them.