CRAN Package Check Results for Package complexplus

Last updated on 2025-10-24 05:50:35 CEST.

Flavor Version Tinstall Tcheck Ttotal Status Flags
r-devel-linux-x86_64-debian-clang 2.1 5.75 50.47 56.22 NOTE
r-devel-linux-x86_64-debian-gcc 2.1 4.10 38.90 43.00 NOTE
r-devel-linux-x86_64-fedora-clang 2.1 64.77 OK
r-devel-linux-x86_64-fedora-gcc 2.1 12.00 67.94 79.94 OK
r-devel-windows-x86_64 2.1 6.00 61.00 67.00 OK
r-patched-linux-x86_64 2.1 5.63 47.73 53.36 OK
r-release-linux-x86_64 2.1 4.41 48.01 52.42 OK
r-release-macos-arm64 2.1 3.00 27.00 30.00 OK
r-release-macos-x86_64 2.1 5.00 45.00 50.00 OK
r-release-windows-x86_64 2.1 6.00 61.00 67.00 OK
r-oldrel-macos-arm64 2.1 3.00 25.00 28.00 OK
r-oldrel-macos-x86_64 2.1 4.00 36.00 40.00 OK
r-oldrel-windows-x86_64 2.1 8.00 74.00 82.00 OK

Check Details

Version: 2.1
Check: CRAN incoming feasibility
Result: NOTE Maintainer: ‘Albert Dorador <albert.dorador@estudiant.upc.edu>’ No Authors@R field in DESCRIPTION. Please add one, modifying Authors@R: c(person(given = "Albert", family = "Dorador", role = c("aut", "cre"), email = "albert.dorador@estudiant.upc.edu"), person(given = c("Uffe", "Høgsbro"), family = "Thygesen", role = "aut")) as necessary. Flavors: r-devel-linux-x86_64-debian-clang, r-devel-linux-x86_64-debian-gcc

These binaries (installable software) and packages are in development.
They may not be fully stable and should be used with caution. We make no claims about them.