Last updated on 2025-05-01 17:55:59 CEST.
Flavor | Version | Tinstall | Tcheck | Ttotal | Status | Flags |
---|---|---|---|---|---|---|
r-devel-linux-x86_64-debian-clang | 2.1 | 6.06 | 48.52 | 54.58 | NOTE | |
r-devel-linux-x86_64-debian-gcc | 2.1 | 4.10 | 36.95 | 41.05 | NOTE | |
r-devel-linux-x86_64-fedora-clang | 2.1 | 83.66 | OK | |||
r-devel-linux-x86_64-fedora-gcc | 2.1 | 79.03 | OK | |||
r-devel-windows-x86_64 | 2.1 | 6.00 | 65.00 | 71.00 | OK | |
r-patched-linux-x86_64 | 2.1 | 5.99 | 46.01 | 52.00 | OK | |
r-release-linux-x86_64 | OK | |||||
r-release-macos-arm64 | 2.1 | 30.00 | OK | |||
r-release-macos-x86_64 | 2.1 | 50.00 | OK | |||
r-release-windows-x86_64 | 2.1 | 6.00 | 68.00 | 74.00 | OK | |
r-oldrel-macos-arm64 | 2.1 | 28.00 | OK | |||
r-oldrel-macos-x86_64 | 2.1 | 40.00 | OK | |||
r-oldrel-windows-x86_64 | 2.1 | 8.00 | 70.00 | 78.00 | OK |
Version: 2.1
Check: CRAN incoming feasibility
Result: NOTE
Maintainer: ‘Albert Dorador <albert.dorador@estudiant.upc.edu>’
No Authors@R field in DESCRIPTION.
Please add one, modifying
Authors@R: c(person(given = "Albert",
family = "Dorador",
role = c("aut", "cre"),
email = "albert.dorador@estudiant.upc.edu"),
person(given = c("Uffe", "Høgsbro"),
family = "Thygesen",
role = "aut"))
as necessary.
Flavors: r-devel-linux-x86_64-debian-clang, r-devel-linux-x86_64-debian-gcc
These binaries (installable software) and packages are in development.
They may not be fully stable and should be used with caution. We make no claims about them.