Last updated on 2025-05-01 15:49:28 CEST.
Flavor | Version | Tinstall | Tcheck | Ttotal | Status | Flags |
---|---|---|---|---|---|---|
r-devel-linux-x86_64-debian-clang | 0.7.1 | 6.11 | 58.99 | 65.10 | NOTE | |
r-devel-linux-x86_64-debian-gcc | 0.7.1 | 4.18 | 40.57 | 44.75 | OK | |
r-devel-linux-x86_64-fedora-clang | 0.7.1 | 103.32 | OK | |||
r-devel-linux-x86_64-fedora-gcc | 0.7.1 | 86.73 | OK | |||
r-devel-windows-x86_64 | 0.7.1 | 7.00 | 75.00 | 82.00 | OK | |
r-patched-linux-x86_64 | 0.7.1 | 5.95 | 54.20 | 60.15 | OK | |
r-release-linux-x86_64 | OK | |||||
r-release-macos-arm64 | 0.7.1 | 45.00 | OK | |||
r-release-macos-x86_64 | 0.7.1 | 50.00 | OK | |||
r-release-windows-x86_64 | 0.7.1 | 8.00 | 75.00 | 83.00 | OK | |
r-oldrel-macos-arm64 | 0.7.1 | 33.00 | OK | |||
r-oldrel-macos-x86_64 | 0.7.1 | 52.00 | OK | |||
r-oldrel-windows-x86_64 | 0.7.1 | 9.00 | 85.00 | 94.00 | OK |
Version: 0.7.1
Check: examples
Result: NOTE
Examples with CPU (user + system) or elapsed time > 5s
user system elapsed
bootcoefs 5.385 0.196 7.252
plot.bootcoefs 4.914 0.115 6.067
Flavor: r-devel-linux-x86_64-debian-clang
These binaries (installable software) and packages are in development.
They may not be fully stable and should be used with caution. We make no claims about them.