Last updated on 2025-05-01 12:49:25 CEST.
Flavor | Version | Tinstall | Tcheck | Ttotal | Status | Flags |
---|---|---|---|---|---|---|
r-devel-linux-x86_64-debian-clang | 2.0-8 | 23.85 | 208.87 | 232.72 | NOTE | |
r-devel-linux-x86_64-debian-gcc | 2.0-8 | 14.83 | 140.92 | 155.75 | NOTE | |
r-devel-linux-x86_64-fedora-clang | 2.0-8 | 368.46 | OK | |||
r-devel-linux-x86_64-fedora-gcc | 2.0-8 | 372.03 | OK | |||
r-devel-windows-x86_64 | 2.0-8 | 28.00 | 274.00 | 302.00 | NOTE | |
r-patched-linux-x86_64 | 2.0-8 | 27.97 | 199.70 | 227.67 | NOTE | |
r-release-linux-x86_64 | NOTE | |||||
r-release-macos-arm64 | 2.0-8 | 118.00 | OK | |||
r-release-macos-x86_64 | 2.0-8 | 221.00 | OK | |||
r-release-windows-x86_64 | 2.0-8 | 28.00 | 275.00 | 303.00 | NOTE | |
r-oldrel-macos-arm64 | 2.0-8 | 91.00 | OK | |||
r-oldrel-macos-x86_64 | 2.0-8 | 175.00 | OK | |||
r-oldrel-windows-x86_64 | 2.0-8 | 33.00 | 337.00 | 370.00 | OK |
Version: 2.0-8
Check: CRAN incoming feasibility
Result: NOTE
Maintainer: ‘K. Gerald van den Boogaart <support@boogaart.de>’
No Authors@R field in DESCRIPTION.
Please add one, modifying
Authors@R: c(person(given = c("K.", "Gerald"),
family = "van den Boogaart",
role = c("aut", "cre"),
email = "boogaart@hzdr.de"),
person(given = "Raimon",
family = "Tolosana-Delgado",
role = "aut"),
person(given = "Matevz",
family = "Bren",
role = "aut"))
as necessary.
Flavors: r-devel-linux-x86_64-debian-clang, r-devel-linux-x86_64-debian-gcc
Version: 2.0-8
Check: Rd cross-references
Result: NOTE
Found the following Rd file(s) with Rd \link{} targets missing package
anchors:
codadendrogram.Rd: histogram
pairwisePlot.Rd: lmrob
pwlrPlot.Rd: lmrob
Please provide package anchors for all Rd \link{} targets not in the
package itself and the base packages.
Flavors: r-devel-linux-x86_64-debian-clang, r-devel-linux-x86_64-debian-gcc, r-devel-windows-x86_64, r-patched-linux-x86_64, r-release-linux-x86_64, r-release-windows-x86_64
Version: 2.0-8
Check: examples
Result: NOTE
Examples with CPU (user + system) or elapsed time > 5s
user system elapsed
SimulatedAmounts 5.785 0.052 7.109
Flavor: r-devel-linux-x86_64-debian-clang
These binaries (installable software) and packages are in development.
They may not be fully stable and should be used with caution. We make no claims about them.