Last updated on 2025-02-16 10:50:43 CET.
Flavor | Version | Tinstall | Tcheck | Ttotal | Status | Flags |
---|---|---|---|---|---|---|
r-devel-linux-x86_64-debian-clang | 2.0-8 | 22.98 | 204.97 | 227.95 | NOTE | |
r-devel-linux-x86_64-debian-gcc | 2.0-8 | 14.30 | 137.34 | 151.64 | NOTE | |
r-devel-linux-x86_64-fedora-clang | 2.0-8 | 389.19 | OK | |||
r-devel-linux-x86_64-fedora-gcc | 2.0-8 | 379.14 | OK | |||
r-devel-macos-arm64 | 2.0-8 | 94.00 | OK | |||
r-devel-macos-x86_64 | 2.0-8 | 218.00 | OK | |||
r-devel-windows-x86_64 | 2.0-8 | 27.00 | 268.00 | 295.00 | NOTE | |
r-patched-linux-x86_64 | 2.0-8 | 32.57 | 196.08 | 228.65 | OK | |
r-release-linux-x86_64 | 2.0-8 | 23.63 | 197.39 | 221.02 | OK | |
r-release-macos-arm64 | 2.0-8 | 91.00 | OK | |||
r-release-macos-x86_64 | 2.0-8 | 175.00 | OK | |||
r-release-windows-x86_64 | 2.0-8 | 28.00 | 273.00 | 301.00 | OK | |
r-oldrel-macos-arm64 | 2.0-8 | 111.00 | OK | |||
r-oldrel-macos-x86_64 | 2.0-8 | 271.00 | OK | |||
r-oldrel-windows-x86_64 | 2.0-8 | 36.00 | 304.00 | 340.00 | OK |
Version: 2.0-8
Check: Rd cross-references
Result: NOTE
Found the following Rd file(s) with Rd \link{} targets missing package
anchors:
codadendrogram.Rd: histogram
pairwisePlot.Rd: lmrob
pwlrPlot.Rd: lmrob
Please provide package anchors for all Rd \link{} targets not in the
package itself and the base packages.
Flavors: r-devel-linux-x86_64-debian-clang, r-devel-linux-x86_64-debian-gcc, r-devel-windows-x86_64
These binaries (installable software) and packages are in development.
They may not be fully stable and should be used with caution. We make no claims about them.