Last updated on 2025-10-23 17:50:45 CEST.
Flavor | Version | Tinstall | Tcheck | Ttotal | Status | Flags |
---|---|---|---|---|---|---|
r-devel-linux-x86_64-debian-clang | 0.1.5 | 2.17 | 65.27 | 67.44 | NOTE | |
r-devel-linux-x86_64-debian-gcc | 0.1.5 | 1.56 | 44.69 | 46.25 | NOTE | |
r-devel-linux-x86_64-fedora-clang | 0.1.5 | 108.53 | OK | |||
r-devel-linux-x86_64-fedora-gcc | 0.1.5 | 115.59 | OK | |||
r-devel-windows-x86_64 | 0.1.5 | 3.00 | 110.00 | 113.00 | OK | |
r-patched-linux-x86_64 | 0.1.5 | 1.63 | 61.91 | 63.54 | OK | |
r-release-linux-x86_64 | 0.1.5 | 1.97 | 61.85 | 63.82 | OK | |
r-release-macos-arm64 | 0.1.5 | 1.00 | 45.00 | 46.00 | OK | |
r-release-macos-x86_64 | 0.1.5 | 2.00 | 79.00 | 81.00 | OK | |
r-release-windows-x86_64 | 0.1.5 | 3.00 | 113.00 | 116.00 | OK | |
r-oldrel-macos-arm64 | 0.1.5 | 1.00 | 37.00 | 38.00 | OK | |
r-oldrel-macos-x86_64 | 0.1.5 | 2.00 | 58.00 | 60.00 | OK | |
r-oldrel-windows-x86_64 | 0.1.5 | 4.00 | 128.00 | 132.00 | OK |
Version: 0.1.5
Check: CRAN incoming feasibility
Result: NOTE
Maintainer: ‘Zoltan Botta-Dukat <botta-dukat.zoltan@okologia.mta.hu>’
No Authors@R field in DESCRIPTION.
Please add one, modifying
Authors@R: person(given = "Zoltan",
family = "Botta-Dukat",
role = c("aut", "cre"),
email = "botta-dukat.zoltan@okologia.mta.hu")
as necessary.
Flavors: r-devel-linux-x86_64-debian-clang, r-devel-linux-x86_64-debian-gcc
These binaries (installable software) and packages are in development.
They may not be fully stable and should be used with caution. We make no claims about them.