CRAN Package Check Results for Package concom

Last updated on 2025-07-23 05:48:41 CEST.

Flavor Version Tinstall Tcheck Ttotal Status Flags
r-devel-linux-x86_64-debian-clang 1.0.0 14.12 32.21 46.33 NOTE
r-devel-linux-x86_64-debian-gcc 1.0.0 10.19 26.51 36.70 NOTE
r-devel-linux-x86_64-fedora-clang 1.0.0 70.48 NOTE
r-devel-linux-x86_64-fedora-gcc 1.0.0 72.05 NOTE
r-devel-windows-x86_64 1.0.0 20.00 64.00 84.00 NOTE
r-patched-linux-x86_64 1.0.0 12.96 30.61 43.57 NOTE
r-release-linux-x86_64 1.0.0 13.29 30.69 43.98 NOTE
r-release-macos-arm64 1.0.0 30.00 NOTE
r-release-macos-x86_64 1.0.0 43.00 NOTE
r-release-windows-x86_64 1.0.0 19.00 67.00 86.00 NOTE
r-oldrel-macos-arm64 1.0.0 25.00 NOTE
r-oldrel-macos-x86_64 1.0.0 36.00 NOTE
r-oldrel-windows-x86_64 1.0.0 24.00 78.00 102.00 NOTE

Check Details

Version: 1.0.0
Check: C++ specification
Result: NOTE Specified C++11: please drop specification unless essential Flavors: r-devel-linux-x86_64-debian-clang, r-devel-linux-x86_64-debian-gcc, r-devel-linux-x86_64-fedora-clang, r-devel-linux-x86_64-fedora-gcc, r-devel-windows-x86_64, r-patched-linux-x86_64, r-release-linux-x86_64, r-release-macos-arm64, r-release-macos-x86_64, r-release-windows-x86_64, r-oldrel-macos-arm64, r-oldrel-macos-x86_64, r-oldrel-windows-x86_64

These binaries (installable software) and packages are in development.
They may not be fully stable and should be used with caution. We make no claims about them.