CRAN Package Check Results for Package concom

Last updated on 2025-11-12 23:50:40 CET.

Flavor Version Tinstall Tcheck Ttotal Status Flags
r-devel-linux-x86_64-debian-clang 1.0.0 14.20 33.16 47.36 NOTE
r-devel-linux-x86_64-debian-gcc 1.0.0 9.87 28.63 38.50 NOTE
r-devel-linux-x86_64-fedora-clang 1.0.0 35.00 39.83 74.83 NOTE
r-devel-linux-x86_64-fedora-gcc 1.0.0 31.00 40.82 71.82 NOTE
r-devel-windows-x86_64 1.0.0 21.00 65.00 86.00 NOTE
r-patched-linux-x86_64 1.0.0 13.86 31.65 45.51 NOTE
r-release-linux-x86_64 1.0.0 14.54 31.58 46.12 NOTE
r-release-macos-arm64 1.0.0 8.00 22.00 30.00 NOTE
r-release-macos-x86_64 1.0.0 12.00 31.00 43.00 NOTE
r-release-windows-x86_64 1.0.0 22.00 63.00 85.00 NOTE
r-oldrel-macos-arm64 1.0.0 8.00 17.00 25.00 NOTE
r-oldrel-macos-x86_64 1.0.0 10.00 26.00 36.00 NOTE
r-oldrel-windows-x86_64 1.0.0 24.00 77.00 101.00 NOTE

Check Details

Version: 1.0.0
Check: C++ specification
Result: NOTE Specified C++11: please drop specification unless essential Flavors: r-devel-linux-x86_64-debian-clang, r-devel-linux-x86_64-debian-gcc, r-devel-linux-x86_64-fedora-clang, r-devel-linux-x86_64-fedora-gcc, r-devel-windows-x86_64, r-patched-linux-x86_64, r-release-linux-x86_64, r-release-macos-arm64, r-release-macos-x86_64, r-release-windows-x86_64, r-oldrel-macos-arm64, r-oldrel-macos-x86_64, r-oldrel-windows-x86_64

These binaries (installable software) and packages are in development.
They may not be fully stable and should be used with caution. We make no claims about them.