Last updated on 2025-05-02 06:49:30 CEST.
Flavor | Version | Tinstall | Tcheck | Ttotal | Status | Flags |
---|---|---|---|---|---|---|
r-devel-linux-x86_64-debian-clang | 0.2.1 | 2.06 | 22.63 | 24.69 | NOTE | |
r-devel-linux-x86_64-debian-gcc | 0.2.1 | 1.73 | 18.79 | 20.52 | NOTE | |
r-devel-linux-x86_64-fedora-clang | 0.2.1 | 37.58 | OK | |||
r-devel-linux-x86_64-fedora-gcc | 0.2.1 | 35.66 | OK | |||
r-devel-windows-x86_64 | 0.2.1 | 3.00 | 54.00 | 57.00 | OK | |
r-patched-linux-x86_64 | 0.2.1 | 2.26 | 20.76 | 23.02 | OK | |
r-release-linux-x86_64 | OK | |||||
r-release-macos-arm64 | 0.2.1 | 19.00 | OK | |||
r-release-macos-x86_64 | 0.2.1 | 26.00 | OK | |||
r-release-windows-x86_64 | 0.2.1 | 4.00 | 51.00 | 55.00 | OK | |
r-oldrel-macos-arm64 | 0.2.1 | 15.00 | OK | |||
r-oldrel-macos-x86_64 | 0.2.1 | 23.00 | OK | |||
r-oldrel-windows-x86_64 | 0.2.1 | 5.00 | 46.00 | 51.00 | OK |
Version: 0.2.1
Check: CRAN incoming feasibility
Result: NOTE
Maintainer: ‘Adrienne Traxler <adrienne.traxler@wright.edu>’
Package CITATION file contains call(s) to old-style personList() or
as.personList(). Please use c() on person objects instead.
Package CITATION file contains call(s) to old-style citEntry(). Please
use bibentry() instead.
Flavors: r-devel-linux-x86_64-debian-clang, r-devel-linux-x86_64-debian-gcc
These binaries (installable software) and packages are in development.
They may not be fully stable and should be used with caution. We make no claims about them.