Last updated on 2025-10-24 13:49:34 CEST.
| Flavor | Version | Tinstall | Tcheck | Ttotal | Status | Flags |
|---|---|---|---|---|---|---|
| r-devel-linux-x86_64-debian-clang | 0.2.1 | 2.13 | 26.15 | 28.28 | NOTE | |
| r-devel-linux-x86_64-debian-gcc | 0.2.1 | 1.68 | 21.48 | 23.16 | NOTE | |
| r-devel-linux-x86_64-fedora-clang | 0.2.1 | 28.91 | OK | |||
| r-devel-linux-x86_64-fedora-gcc | 0.2.1 | 37.97 | OK | |||
| r-devel-windows-x86_64 | 0.2.1 | 4.00 | 45.00 | 49.00 | OK | |
| r-patched-linux-x86_64 | 0.2.1 | 2.44 | 23.64 | 26.08 | OK | |
| r-release-linux-x86_64 | 0.2.1 | 1.96 | 23.74 | 25.70 | OK | |
| r-release-macos-arm64 | 0.2.1 | 1.00 | 18.00 | 19.00 | OK | |
| r-release-macos-x86_64 | 0.2.1 | 2.00 | 24.00 | 26.00 | OK | |
| r-release-windows-x86_64 | 0.2.1 | 4.00 | 45.00 | 49.00 | OK | |
| r-oldrel-macos-arm64 | 0.2.1 | 1.00 | 14.00 | 15.00 | OK | |
| r-oldrel-macos-x86_64 | 0.2.1 | 2.00 | 21.00 | 23.00 | OK | |
| r-oldrel-windows-x86_64 | 0.2.1 | 5.00 | 52.00 | 57.00 | OK |
Version: 0.2.1
Check: CRAN incoming feasibility
Result: NOTE
Maintainer: ‘Adrienne Traxler <adrienne.traxler@wright.edu>’
Package CITATION file contains call(s) to old-style personList() or
as.personList(). Please use c() on person objects instead.
Package CITATION file contains call(s) to old-style citEntry(). Please
use bibentry() instead.
Flavors: r-devel-linux-x86_64-debian-clang, r-devel-linux-x86_64-debian-gcc
These binaries (installable software) and packages are in development.
They may not be fully stable and should be used with caution. We make no claims about them.