CRAN Package Check Results for Package cond

Last updated on 2025-05-01 15:49:28 CEST.

Flavor Version Tinstall Tcheck Ttotal Status Flags
r-devel-linux-x86_64-debian-clang 1.2-3.1 7.87 71.20 79.07 NOTE
r-devel-linux-x86_64-debian-gcc 1.2-3.1 6.18 54.42 60.60 NOTE
r-devel-linux-x86_64-fedora-clang 1.2-3.1 122.60 NOTE
r-devel-linux-x86_64-fedora-gcc 1.2-3.1 132.29 NOTE
r-devel-windows-x86_64 1.2-3.1 9.00 102.00 111.00 NOTE
r-patched-linux-x86_64 1.2-3.1 7.54 68.13 75.67 NOTE
r-release-linux-x86_64 NOTE
r-release-macos-arm64 1.2-3.1 46.00 NOTE
r-release-macos-x86_64 1.2-3.1 91.00 NOTE
r-release-windows-x86_64 1.2-3.1 8.00 106.00 114.00 NOTE
r-oldrel-macos-arm64 1.2-3.1 42.00 NOTE
r-oldrel-macos-x86_64 1.2-3.1 63.00 NOTE
r-oldrel-windows-x86_64 1.2-3.1 10.00 107.00 117.00 NOTE

Check Details

Version: 1.2-3.1
Check: CRAN incoming feasibility
Result: NOTE Maintainer: ‘Alessandra R. Brazzale <alessandra.brazzale@unipd.it>’ No Authors@R field in DESCRIPTION. Please add one, modifying Authors@R: c(person(given = c("S", "original", "by", "Alessandra", "R.", "Brazzale.", "R", "port", "by", "Alessandra", "R.", "Brazzale"), family = "<alessandra.brazzale@unipd.it>", role = "aut", email = "alessandra.brazzale@unipd.it"), person(given = c("following", "earlier", "work", "by", "Douglas"), family = "Bates.", role = "aut"), person(given = c("Alessandra", "R."), family = "Brazzale", role = "cre", email = "alessandra.brazzale@unipd.it")) as necessary. Problems when reading CITATION file: It is recommended to use ‘given’ instead of ‘first’. It is recommended to use ‘given’ instead of ‘middle’. It is recommended to use ‘family’ instead of ‘last’. Package CITATION file contains call(s) to old-style citEntry(). Please use bibentry() instead. Flavors: r-devel-linux-x86_64-debian-clang, r-devel-linux-x86_64-debian-gcc

Version: 1.2-3.1
Check: Rd files
Result: NOTE checkRd: (-1) babies.Rd:35: Escaped LaTeX specials: \& Flavors: r-devel-linux-x86_64-debian-clang, r-devel-linux-x86_64-debian-gcc, r-devel-linux-x86_64-fedora-clang, r-devel-linux-x86_64-fedora-gcc, r-devel-windows-x86_64, r-patched-linux-x86_64, r-release-linux-x86_64, r-release-macos-arm64, r-release-macos-x86_64, r-release-windows-x86_64, r-oldrel-macos-arm64, r-oldrel-macos-x86_64, r-oldrel-windows-x86_64

These binaries (installable software) and packages are in development.
They may not be fully stable and should be used with caution. We make no claims about them.