Last updated on 2025-07-22 13:49:10 CEST.
Flavor | Version | Tinstall | Tcheck | Ttotal | Status | Flags |
---|---|---|---|---|---|---|
r-devel-linux-x86_64-debian-clang | 2.0.4 | 10.34 | 76.57 | 86.91 | NOTE | |
r-devel-linux-x86_64-debian-gcc | 2.0.4 | 8.72 | 57.29 | 66.01 | NOTE | |
r-devel-linux-x86_64-fedora-clang | 2.0.4 | 130.99 | OK | |||
r-devel-linux-x86_64-fedora-gcc | 2.0.4 | 129.51 | OK | |||
r-devel-windows-x86_64 | 2.0.4 | 15.00 | 86.00 | 101.00 | OK | |
r-patched-linux-x86_64 | 2.0.4 | 11.97 | 72.29 | 84.26 | OK | |
r-release-linux-x86_64 | 2.0.4 | 10.84 | 72.49 | 83.33 | OK | |
r-release-macos-arm64 | 2.0.4 | 43.00 | OK | |||
r-release-macos-x86_64 | 2.0.4 | 101.00 | OK | |||
r-release-windows-x86_64 | 2.0.4 | 14.00 | 88.00 | 102.00 | OK | |
r-oldrel-macos-arm64 | 2.0.4 | 40.00 | OK | |||
r-oldrel-macos-x86_64 | 2.0.4 | 60.00 | OK | |||
r-oldrel-windows-x86_64 | 2.0.4 | 19.00 | 110.00 | 129.00 | OK |
Version: 2.0.4
Check: CRAN incoming feasibility
Result: NOTE
Maintainer: ‘Marta Sestelo <sestelo@uvigo.es>’
No Authors@R field in DESCRIPTION.
Please add one, modifying
Authors@R: c(person(given = "Luis",
family = "Meira-Machado",
role = "aut"),
person(given = "Marta",
family = "Sestelo",
role = c("aut", "cre"),
email = "sestelo@uvigo.es"))
as necessary.
Flavors: r-devel-linux-x86_64-debian-clang, r-devel-linux-x86_64-debian-gcc
These binaries (installable software) and packages are in development.
They may not be fully stable and should be used with caution. We make no claims about them.