Last updated on 2025-05-08 04:52:01 CEST.
Flavor | Version | Tinstall | Tcheck | Ttotal | Status | Flags |
---|---|---|---|---|---|---|
r-devel-linux-x86_64-debian-clang | 0.0.2 | 6.88 | 62.99 | 69.87 | NOTE | |
r-devel-linux-x86_64-debian-gcc | 0.0.2 | 4.16 | 47.70 | 51.86 | NOTE | |
r-devel-linux-x86_64-fedora-clang | 0.0.2 | 113.26 | NOTE | |||
r-devel-linux-x86_64-fedora-gcc | 0.0.2 | 118.73 | NOTE | |||
r-devel-windows-x86_64 | 0.0.2 | 8.00 | 77.00 | 85.00 | NOTE | |
r-patched-linux-x86_64 | 0.0.2 | 6.17 | 60.26 | 66.43 | NOTE | |
r-release-linux-x86_64 | 0.0.2 | 5.90 | 60.51 | 66.41 | NOTE | |
r-release-macos-arm64 | 0.0.2 | 50.00 | NOTE | |||
r-release-macos-x86_64 | 0.0.2 | 82.00 | NOTE | |||
r-release-windows-x86_64 | 0.0.2 | 7.00 | 77.00 | 84.00 | NOTE | |
r-oldrel-macos-arm64 | 0.0.2 | 41.00 | NOTE | |||
r-oldrel-macos-x86_64 | 0.0.2 | 68.00 | NOTE | |||
r-oldrel-windows-x86_64 | 0.0.2 | 10.00 | 90.00 | 100.00 | NOTE |
Version: 0.0.2
Check: package subdirectories
Result: NOTE
Problems with news in ‘NEWS.md’:
No news entries found.
Flavors: r-devel-linux-x86_64-debian-clang, r-devel-linux-x86_64-debian-gcc, r-devel-linux-x86_64-fedora-clang, r-devel-linux-x86_64-fedora-gcc, r-devel-windows-x86_64, r-patched-linux-x86_64, r-release-linux-x86_64, r-release-macos-arm64, r-release-macos-x86_64, r-release-windows-x86_64, r-oldrel-macos-arm64, r-oldrel-macos-x86_64, r-oldrel-windows-x86_64
Version: 0.0.2
Check: LazyData
Result: NOTE
'LazyData' is specified without a 'data' directory
Flavors: r-oldrel-macos-arm64, r-oldrel-macos-x86_64, r-oldrel-windows-x86_64
These binaries (installable software) and packages are in development.
They may not be fully stable and should be used with caution. We make no claims about them.