Last updated on 2025-02-16 10:50:43 CET.
Flavor | Version | Tinstall | Tcheck | Ttotal | Status | Flags |
---|---|---|---|---|---|---|
r-devel-linux-x86_64-debian-clang | 0.5-1 | 6.03 | 45.82 | 51.85 | NOTE | |
r-devel-linux-x86_64-debian-gcc | 0.5-1 | 4.25 | 34.82 | 39.07 | NOTE | |
r-devel-linux-x86_64-fedora-clang | 0.5-1 | 87.86 | OK | |||
r-devel-linux-x86_64-fedora-gcc | 0.5-1 | 81.82 | OK | |||
r-devel-macos-arm64 | 0.5-1 | 26.00 | OK | |||
r-devel-macos-x86_64 | 0.5-1 | 48.00 | OK | |||
r-devel-windows-x86_64 | 0.5-1 | 6.00 | 66.00 | 72.00 | OK | |
r-patched-linux-x86_64 | 0.5-1 | 6.96 | 42.77 | 49.73 | OK | |
r-release-linux-x86_64 | 0.5-1 | 5.41 | 43.02 | 48.43 | OK | |
r-release-macos-arm64 | 0.5-1 | 29.00 | OK | |||
r-release-macos-x86_64 | 0.5-1 | 39.00 | OK | |||
r-release-windows-x86_64 | 0.5-1 | 6.00 | 68.00 | 74.00 | OK | |
r-oldrel-macos-arm64 | 0.5-1 | 26.00 | OK | |||
r-oldrel-macos-x86_64 | 0.5-1 | 44.00 | OK | |||
r-oldrel-windows-x86_64 | 0.5-1 | 8.00 | 77.00 | 85.00 | OK |
Version: 0.5-1
Check: for unstated dependencies in ‘demo’
Result: NOTE
'library' or 'require' call not declared from: ‘e1071’
Flavors: r-devel-linux-x86_64-debian-clang, r-devel-linux-x86_64-debian-gcc
These binaries (installable software) and packages are in development.
They may not be fully stable and should be used with caution. We make no claims about them.