Last updated on 2025-05-02 16:55:34 CEST.
Flavor | Version | Tinstall | Tcheck | Ttotal | Status | Flags |
---|---|---|---|---|---|---|
r-devel-linux-x86_64-debian-clang | 0.2 | 1.94 | 21.65 | 23.59 | NOTE | |
r-devel-linux-x86_64-debian-gcc | 0.2 | 1.43 | 16.63 | 18.06 | NOTE | |
r-devel-linux-x86_64-fedora-clang | 0.2 | 37.68 | OK | |||
r-devel-linux-x86_64-fedora-gcc | 0.2 | 121.60 | OK | |||
r-devel-windows-x86_64 | 0.2 | 3.00 | 43.00 | 46.00 | OK | |
r-patched-linux-x86_64 | 0.2 | 1.76 | 20.47 | 22.23 | OK | |
r-release-linux-x86_64 | OK | |||||
r-release-macos-arm64 | 0.2 | 38.00 | OK | |||
r-release-macos-x86_64 | 0.2 | 90.00 | OK | |||
r-release-windows-x86_64 | 0.2 | 3.00 | 49.00 | 52.00 | OK | |
r-oldrel-macos-arm64 | 0.2 | 41.00 | NOTE | |||
r-oldrel-macos-x86_64 | 0.2 | 69.00 | NOTE | |||
r-oldrel-windows-x86_64 | 0.2 | 4.00 | 44.00 | 48.00 | NOTE |
Version: 0.2
Check: CRAN incoming feasibility
Result: NOTE
Maintainer: ‘Jesse Hemerik <j.b.a.hemerik@lumc.nl>’
No Authors@R field in DESCRIPTION.
Please add one, modifying
Authors@R: c(person(given = "Jesse",
family = "Hemerik",
role = c("aut", "cre"),
email = "j.b.a.hemerik@lumc.nl"),
person(given = "Jelle",
family = "Goeman",
role = "aut"))
as necessary.
Flavors: r-devel-linux-x86_64-debian-clang, r-devel-linux-x86_64-debian-gcc
Version: 0.2
Check: LazyData
Result: NOTE
'LazyData' is specified without a 'data' directory
Flavors: r-oldrel-macos-arm64, r-oldrel-macos-x86_64, r-oldrel-windows-x86_64
These binaries (installable software) and packages are in development.
They may not be fully stable and should be used with caution. We make no claims about them.