CRAN Package Check Results for Package confinterpret

Last updated on 2025-05-08 04:52:01 CEST.

Flavor Version Tinstall Tcheck Ttotal Status Flags
r-devel-linux-x86_64-debian-clang 1.0.0 2.53 25.47 28.00 OK
r-devel-linux-x86_64-debian-gcc 1.0.0 1.91 20.35 22.26 OK
r-devel-linux-x86_64-fedora-clang 1.0.0 42.51 OK
r-devel-linux-x86_64-fedora-gcc 1.0.0 41.29 OK
r-devel-windows-x86_64 1.0.0 4.00 53.00 57.00 OK
r-patched-linux-x86_64 1.0.0 2.91 23.35 26.26 OK
r-release-linux-x86_64 1.0.0 2.37 23.33 25.70 OK
r-release-macos-arm64 1.0.0 19.00 OK
r-release-macos-x86_64 1.0.0 29.00 OK
r-release-windows-x86_64 1.0.0 4.00 54.00 58.00 OK
r-oldrel-macos-arm64 1.0.0 22.00 NOTE
r-oldrel-macos-x86_64 1.0.0 25.00 NOTE
r-oldrel-windows-x86_64 1.0.0 4.00 56.00 60.00 NOTE

Check Details

Version: 1.0.0
Check: LazyData
Result: NOTE 'LazyData' is specified without a 'data' directory Flavors: r-oldrel-macos-arm64, r-oldrel-macos-x86_64, r-oldrel-windows-x86_64

These binaries (installable software) and packages are in development.
They may not be fully stable and should be used with caution. We make no claims about them.