CRAN Package Check Results for Package conflr

Last updated on 2025-10-23 17:50:45 CEST.

Flavor Version Tinstall Tcheck Ttotal Status Flags
r-devel-linux-x86_64-debian-clang 0.1.1 4.11 33.32 37.43 OK
r-devel-linux-x86_64-debian-gcc 0.1.1 2.59 26.76 29.35 OK
r-devel-linux-x86_64-fedora-clang 0.1.1 37.93 NOTE
r-devel-linux-x86_64-fedora-gcc 0.1.1 81.70 NOTE
r-devel-windows-x86_64 0.1.1 6.00 55.00 61.00 OK
r-patched-linux-x86_64 0.1.1 3.70 29.23 32.93 OK
r-release-linux-x86_64 0.1.1 3.01 29.32 32.33 OK
r-release-macos-arm64 0.1.1 2.00 52.00 54.00 OK
r-release-macos-x86_64 0.1.1 3.00 71.00 74.00 OK
r-release-windows-x86_64 0.1.1 7.00 66.00 73.00 OK
r-oldrel-macos-arm64 0.1.1 2.00 42.00 44.00 NOTE
r-oldrel-macos-x86_64 0.1.1 3.00 72.00 75.00 NOTE
r-oldrel-windows-x86_64 0.1.1 8.00 63.00 71.00 NOTE

Check Details

Version: 0.1.1
Check: dependencies in R code
Result: NOTE Namespace in Imports field not imported from: ‘R6’ All declared Imports should be used. Flavors: r-devel-linux-x86_64-fedora-clang, r-devel-linux-x86_64-fedora-gcc

Version: 0.1.1
Check: LazyData
Result: NOTE 'LazyData' is specified without a 'data' directory Flavors: r-oldrel-macos-arm64, r-oldrel-macos-x86_64, r-oldrel-windows-x86_64

These binaries (installable software) and packages are in development.
They may not be fully stable and should be used with caution. We make no claims about them.