CRAN Package Check Results for Package conformalClassification

Last updated on 2025-05-01 08:52:29 CEST.

Flavor Version Tinstall Tcheck Ttotal Status Flags
r-devel-linux-x86_64-debian-clang 1.0.0 1.61 24.39 26.00 NOTE
r-devel-linux-x86_64-debian-gcc 1.0.0 1.62 19.38 21.00 NOTE
r-devel-linux-x86_64-fedora-clang 1.0.0 41.78 OK
r-devel-linux-x86_64-fedora-gcc 1.0.0 39.72 OK
r-devel-windows-x86_64 1.0.0 3.00 48.00 51.00 OK
r-patched-linux-x86_64 1.0.0 2.33 22.90 25.23 OK
r-release-linux-x86_64 OK
r-release-macos-arm64 1.0.0 19.00 OK
r-release-macos-x86_64 1.0.0 32.00 OK
r-release-windows-x86_64 1.0.0 4.00 52.00 56.00 OK
r-oldrel-macos-arm64 1.0.0 18.00 NOTE
r-oldrel-macos-x86_64 1.0.0 27.00 NOTE
r-oldrel-windows-x86_64 1.0.0 4.00 47.00 51.00 NOTE

Check Details

Version: 1.0.0
Check: CRAN incoming feasibility
Result: NOTE Maintainer: ‘Niharika Gauraha <niharika.gauraha@farmbio.uu.se>’ No Authors@R field in DESCRIPTION. Please add one, modifying Authors@R: c(person(given = "Niharika", family = "Gauraha", role = c("aut", "cre"), email = "niharika.gauraha@farmbio.uu.se"), person(given = "Ola", family = "Spjuth", role = "aut")) as necessary. Flavors: r-devel-linux-x86_64-debian-clang, r-devel-linux-x86_64-debian-gcc

Version: 1.0.0
Check: LazyData
Result: NOTE 'LazyData' is specified without a 'data' directory Flavors: r-oldrel-macos-arm64, r-oldrel-macos-x86_64, r-oldrel-windows-x86_64

These binaries (installable software) and packages are in development.
They may not be fully stable and should be used with caution. We make no claims about them.