CRAN Package Check Results for Package conformalInference.fd

Last updated on 2025-10-23 17:50:45 CEST.

Flavor Version Tinstall Tcheck Ttotal Status Flags
r-devel-linux-x86_64-debian-clang 1.1.1 3.17 34.39 37.56 NOTE
r-devel-linux-x86_64-debian-gcc 1.1.1 2.31 25.77 28.08 NOTE
r-devel-linux-x86_64-fedora-clang 1.1.1 41.05 OK
r-devel-linux-x86_64-fedora-gcc 1.1.1 52.98 OK
r-devel-windows-x86_64 1.1.1 5.00 58.00 63.00 OK
r-patched-linux-x86_64 1.1.1 3.02 31.94 34.96 OK
r-release-linux-x86_64 1.1.1 3.10 32.18 35.28 OK
r-release-macos-arm64 1.1.1 1.00 21.00 22.00 OK
r-release-macos-x86_64 1.1.1 3.00 33.00 36.00 OK
r-release-windows-x86_64 1.1.1 5.00 59.00 64.00 OK
r-oldrel-macos-arm64 1.1.1 2.00 22.00 24.00 OK
r-oldrel-macos-x86_64 1.1.1 3.00 35.00 38.00 OK
r-oldrel-windows-x86_64 1.1.1 6.00 66.00 72.00 OK

Check Details

Version: 1.1.1
Check: CRAN incoming feasibility
Result: NOTE Maintainer: ‘Paolo Vergottini <paolo.vergottini@gmail.com>’ The Description field contains Fontana, and Vantini (2021) <arXiv:2102.06746>, Diquigiovanni, Fontana, and Vantini (2021) <arXiv:2106.01792>, Solari, and Djordjilovic (2021) <arXiv:2103.00627>. Please refer to arXiv e-prints via their arXiv DOI <doi:10.48550/arXiv.YYMM.NNNNN>. Flavors: r-devel-linux-x86_64-debian-clang, r-devel-linux-x86_64-debian-gcc

These binaries (installable software) and packages are in development.
They may not be fully stable and should be used with caution. We make no claims about them.