Last updated on 2025-02-23 13:51:07 CET.
Flavor | Version | Tinstall | Tcheck | Ttotal | Status | Flags |
---|---|---|---|---|---|---|
r-devel-linux-x86_64-debian-clang | 1.1.1 | 2.47 | 37.03 | 39.50 | NOTE | |
r-devel-linux-x86_64-debian-gcc | 1.1.1 | 2.09 | 28.50 | 30.59 | NOTE | |
r-devel-linux-x86_64-fedora-clang | 1.1.1 | 63.49 | OK | |||
r-devel-linux-x86_64-fedora-gcc | 1.1.1 | 60.42 | OK | |||
r-devel-macos-arm64 | 1.1.1 | 26.00 | OK | |||
r-devel-macos-x86_64 | 1.1.1 | 41.00 | OK | |||
r-devel-windows-x86_64 | 1.1.1 | 5.00 | 62.00 | 67.00 | NOTE | |
r-patched-linux-x86_64 | 1.1.1 | 6.28 | 34.87 | 41.15 | OK | |
r-release-linux-x86_64 | 1.1.1 | 2.70 | 34.38 | 37.08 | OK | |
r-release-macos-arm64 | 1.1.1 | 25.00 | OK | |||
r-release-macos-x86_64 | 1.1.1 | 35.00 | OK | |||
r-release-windows-x86_64 | 1.1.1 | 6.00 | 59.00 | 65.00 | OK | |
r-oldrel-macos-arm64 | 1.1.1 | 27.00 | OK | |||
r-oldrel-macos-x86_64 | 1.1.1 | 36.00 | OK | |||
r-oldrel-windows-x86_64 | 1.1.1 | 5.00 | 68.00 | 73.00 | OK |
Version: 1.1.1
Check: Rd cross-references
Result: NOTE
Found the following Rd file(s) with Rd \link{} targets missing package
anchors:
conformal.multidim.full.Rd: future.apply
conformal.multidim.msplit.Rd: future.apply
glmnet.funs.Rd: glmnet
plot_multidim.Rd: ggplot2, gridExtra, hrbrthemes
Please provide package anchors for all Rd \link{} targets not in the
package itself and the base packages.
Flavors: r-devel-linux-x86_64-debian-clang, r-devel-linux-x86_64-debian-gcc, r-devel-windows-x86_64
These binaries (installable software) and packages are in development.
They may not be fully stable and should be used with caution. We make no claims about them.