CRAN Package Check Results for Package conformalbayes

Last updated on 2025-05-08 04:52:01 CEST.

Flavor Version Tinstall Tcheck Ttotal Status Flags
r-devel-linux-x86_64-debian-clang 0.1.2 2.26 56.45 58.71 NOTE
r-devel-linux-x86_64-debian-gcc 0.1.2 1.54 43.35 44.89 NOTE
r-devel-linux-x86_64-fedora-clang 0.1.2 97.64 OK
r-devel-linux-x86_64-fedora-gcc 0.1.2 94.28 OK
r-devel-windows-x86_64 0.1.2 5.00 78.00 83.00 NOTE
r-patched-linux-x86_64 0.1.2 2.39 55.18 57.57 NOTE
r-release-linux-x86_64 0.1.2 2.03 55.92 57.95 NOTE
r-release-macos-arm64 0.1.2 39.00 OK
r-release-macos-x86_64 0.1.2 59.00 OK
r-release-windows-x86_64 0.1.2 4.00 81.00 85.00 NOTE
r-oldrel-macos-arm64 0.1.2 33.00 OK
r-oldrel-macos-x86_64 0.1.2 51.00 OK
r-oldrel-windows-x86_64 0.1.2 5.00 90.00 95.00 OK

Check Details

Version: 0.1.2
Check: Rd cross-references
Result: NOTE Found the following Rd file(s) with Rd \link{} targets missing package anchors: loo_conformal.Rd: predictive_interval predictive_interval.conformal.Rd: posterior_predict Please provide package anchors for all Rd \link{} targets not in the package itself and the base packages. Flavors: r-devel-linux-x86_64-debian-clang, r-devel-linux-x86_64-debian-gcc, r-devel-windows-x86_64, r-patched-linux-x86_64, r-release-linux-x86_64, r-release-windows-x86_64

These binaries (installable software) and packages are in development.
They may not be fully stable and should be used with caution. We make no claims about them.