CRAN Package Check Results for Package conjurer

Last updated on 2025-10-23 21:51:23 CEST.

Flavor Version Tinstall Tcheck Ttotal Status Flags
r-devel-linux-x86_64-debian-clang 1.7.1 2.38 44.88 47.26 NOTE
r-devel-linux-x86_64-debian-gcc 1.7.1 1.87 36.74 38.61 NOTE
r-devel-linux-x86_64-fedora-clang 1.7.1 55.38 OK
r-devel-linux-x86_64-fedora-gcc 1.7.1 82.93 OK
r-devel-windows-x86_64 1.7.1 5.00 57.00 62.00 OK
r-patched-linux-x86_64 1.7.1 2.85 43.45 46.30 OK
r-release-linux-x86_64 1.7.1 2.23 43.79 46.02 OK
r-release-macos-arm64 1.7.1 2.00 40.00 42.00 OK
r-release-macos-x86_64 1.7.1 2.00 55.00 57.00 OK
r-release-windows-x86_64 1.7.1 4.00 61.00 65.00 OK
r-oldrel-macos-arm64 1.7.1 1.00 27.00 28.00 OK
r-oldrel-macos-x86_64 1.7.1 2.00 40.00 42.00 OK
r-oldrel-windows-x86_64 1.7.1 5.00 66.00 71.00 OK

Check Details

Version: 1.7.1
Check: CRAN incoming feasibility
Result: NOTE Maintainer: ‘Sidharth Macherla <msidharthrasik@gmail.com>’ Package CITATION file contains call(s) to old-style citEntry(). Please use bibentry() instead. Flavors: r-devel-linux-x86_64-debian-clang, r-devel-linux-x86_64-debian-gcc

These binaries (installable software) and packages are in development.
They may not be fully stable and should be used with caution. We make no claims about them.