CRAN Package Check Results for Package conleyreg

Last updated on 2025-10-23 09:50:41 CEST.

Flavor Version Tinstall Tcheck Ttotal Status Flags
r-devel-linux-x86_64-debian-clang 0.1.8 157.94 75.08 233.02 OK
r-devel-linux-x86_64-debian-gcc 0.1.8 102.23 54.67 156.90 OK
r-devel-linux-x86_64-fedora-clang 0.1.8 161.00 159.11 320.11 NOTE
r-devel-linux-x86_64-fedora-gcc 0.1.8 190.00 222.44 412.44 NOTE
r-devel-windows-x86_64 0.1.8 186.00 98.00 284.00 OK
r-patched-linux-x86_64 0.1.8 158.75 71.41 230.16 OK
r-release-linux-x86_64 0.1.8 157.33 70.53 227.86 OK
r-release-macos-arm64 0.1.8 57.00 45.00 102.00 OK
r-release-macos-x86_64 0.1.8 54.00 78.00 132.00 OK
r-release-windows-x86_64 0.1.8 183.00 103.00 286.00 OK
r-oldrel-macos-arm64 0.1.8 46.00 42.00 88.00 NOTE
r-oldrel-macos-x86_64 0.1.8 54.00 85.00 139.00 NOTE
r-oldrel-windows-x86_64 0.1.8 209.00 124.00 333.00 OK

Check Details

Version: 0.1.8
Check: dependencies in R code
Result: NOTE Namespaces in Imports field not imported from: ‘lwgeom’ ‘s2’ All declared Imports should be used. Flavors: r-devel-linux-x86_64-fedora-clang, r-devel-linux-x86_64-fedora-gcc

Version: 0.1.8
Check: installed package size
Result: NOTE installed size is 10.9Mb sub-directories of 1Mb or more: libs 10.4Mb Flavors: r-oldrel-macos-arm64, r-oldrel-macos-x86_64

These binaries (installable software) and packages are in development.
They may not be fully stable and should be used with caution. We make no claims about them.