CRAN Package Check Results for Package conleyreg

Last updated on 2025-05-21 21:49:13 CEST.

Flavor Version Tinstall Tcheck Ttotal Status Flags
r-devel-linux-x86_64-debian-clang 0.1.8 158.39 69.82 228.21 OK
r-devel-linux-x86_64-debian-gcc 0.1.8 111.83 50.38 162.21 OK
r-devel-linux-x86_64-fedora-clang 0.1.8 430.91 NOTE
r-devel-linux-x86_64-fedora-gcc 0.1.8 462.22 NOTE
r-devel-windows-x86_64 0.1.8 178.00 112.00 290.00 OK
r-patched-linux-x86_64 0.1.8 152.11 65.99 218.10 OK
r-release-linux-x86_64 0.1.8 156.72 65.86 222.58 OK
r-release-macos-arm64 0.1.8 102.00 OK
r-release-macos-x86_64 0.1.8 132.00 OK
r-release-windows-x86_64 0.1.8 180.00 96.00 276.00 OK
r-oldrel-macos-arm64 0.1.8 88.00 NOTE
r-oldrel-macos-x86_64 0.1.8 139.00 NOTE
r-oldrel-windows-x86_64 0.1.8 201.00 125.00 326.00 OK

Check Details

Version: 0.1.8
Check: dependencies in R code
Result: NOTE Namespaces in Imports field not imported from: ‘lwgeom’ ‘s2’ All declared Imports should be used. Flavors: r-devel-linux-x86_64-fedora-clang, r-devel-linux-x86_64-fedora-gcc

Version: 0.1.8
Check: installed package size
Result: NOTE installed size is 10.9Mb sub-directories of 1Mb or more: libs 10.4Mb Flavors: r-oldrel-macos-arm64, r-oldrel-macos-x86_64

These binaries (installable software) and packages are in development.
They may not be fully stable and should be used with caution. We make no claims about them.