CRAN Package Check Results for Package conmet

Last updated on 2025-07-20 15:49:28 CEST.

Flavor Version Tinstall Tcheck Ttotal Status Flags
r-devel-linux-x86_64-debian-clang 0.1.0 3.28 30.50 33.78 OK
r-devel-linux-x86_64-debian-gcc 0.1.0 2.55 23.44 25.99 OK
r-devel-linux-x86_64-fedora-clang 0.1.0 50.09 NOTE
r-devel-linux-x86_64-fedora-gcc 0.1.0 48.76 NOTE
r-devel-windows-x86_64 0.1.0 5.00 54.00 59.00 OK
r-patched-linux-x86_64 0.1.0 3.63 29.00 32.63 OK
r-release-linux-x86_64 0.1.0 3.02 28.78 31.80 OK
r-release-macos-arm64 0.1.0 21.00 OK
r-release-macos-x86_64 0.1.0 45.00 OK
r-release-windows-x86_64 0.1.0 6.00 55.00 61.00 OK
r-oldrel-macos-arm64 0.1.0 22.00 OK
r-oldrel-macos-x86_64 0.1.0 30.00 OK
r-oldrel-windows-x86_64 0.1.0 6.00 60.00 66.00 OK

Check Details

Version: 0.1.0
Check: dependencies in R code
Result: NOTE Namespaces in Imports field not imported from: ‘DT’ ‘Hmisc’ ‘dplyr’ ‘foreign’ ‘lavaan’ ‘openxlsx’ ‘purrr’ ‘semTools’ ‘shinyWidgets’ ‘stringr’ ‘summarytools’ ‘waiter’ All declared Imports should be used. Flavors: r-devel-linux-x86_64-fedora-clang, r-devel-linux-x86_64-fedora-gcc

These binaries (installable software) and packages are in development.
They may not be fully stable and should be used with caution. We make no claims about them.