CRAN Package Check Results for Package connections

Last updated on 2025-05-08 04:52:01 CEST.

Flavor Version Tinstall Tcheck Ttotal Status Flags
r-devel-linux-x86_64-debian-clang 0.2.0 5.29 44.35 49.64 NOTE
r-devel-linux-x86_64-debian-gcc 0.2.0 3.69 33.03 36.72 NOTE
r-devel-linux-x86_64-fedora-clang 0.2.0 83.23 OK
r-devel-linux-x86_64-fedora-gcc 0.2.0 74.36 OK
r-devel-windows-x86_64 0.2.0 6.00 60.00 66.00 NOTE
r-patched-linux-x86_64 0.2.0 5.18 40.85 46.03 NOTE
r-release-linux-x86_64 0.2.0 4.68 40.31 44.99 NOTE
r-release-macos-arm64 0.2.0 25.00 OK
r-release-macos-x86_64 0.2.0 51.00 OK
r-release-windows-x86_64 0.2.0 6.00 60.00 66.00 NOTE
r-oldrel-macos-arm64 0.2.0 25.00 OK
r-oldrel-macos-x86_64 0.2.0 38.00 OK
r-oldrel-windows-x86_64 0.2.0 8.00 71.00 79.00 OK

Check Details

Version: 0.2.0
Check: Rd cross-references
Result: NOTE Found the following Rd file(s) with Rd \link{} targets missing package anchors: DBI.Rd: DBIConnection-class Please provide package anchors for all Rd \link{} targets not in the package itself and the base packages. Flavors: r-devel-linux-x86_64-debian-clang, r-devel-linux-x86_64-debian-gcc, r-devel-windows-x86_64, r-patched-linux-x86_64, r-release-linux-x86_64, r-release-windows-x86_64

These binaries (installable software) and packages are in development.
They may not be fully stable and should be used with caution. We make no claims about them.