CRAN Package Check Results for Package conover.test

Last updated on 2025-05-08 04:52:01 CEST.

Flavor Version Tinstall Tcheck Ttotal Status Flags
r-devel-linux-x86_64-debian-clang 1.1.6 2.31 20.74 23.05 NOTE
r-devel-linux-x86_64-debian-gcc 1.1.6 1.82 15.78 17.60 NOTE
r-devel-linux-x86_64-fedora-clang 1.1.6 36.62 OK
r-devel-linux-x86_64-fedora-gcc 1.1.6 35.25 OK
r-devel-windows-x86_64 1.1.6 4.00 38.00 42.00 OK
r-patched-linux-x86_64 1.1.6 2.23 19.37 21.60 OK
r-release-linux-x86_64 1.1.6 2.23 19.55 21.78 OK
r-release-macos-arm64 1.1.6 16.00 OK
r-release-macos-x86_64 1.1.6 25.00 OK
r-release-windows-x86_64 1.1.6 3.00 42.00 45.00 OK
r-oldrel-macos-arm64 1.1.6 19.00 OK
r-oldrel-macos-x86_64 1.1.6 26.00 OK
r-oldrel-windows-x86_64 1.1.6 3.00 37.00 40.00 OK

Check Details

Version: 1.1.6
Check: CRAN incoming feasibility
Result: NOTE Maintainer: ‘Alexis Dinno <alexis.dinno@pdx.edu>’ No Authors@R field in DESCRIPTION. Please add one, modifying Authors@R: person(given = "Alexis", family = "Dinno", role = c("aut", "cre"), email = "alexis.dinno@pdx.edu") as necessary. Flavors: r-devel-linux-x86_64-debian-clang, r-devel-linux-x86_64-debian-gcc

These binaries (installable software) and packages are in development.
They may not be fully stable and should be used with caution. We make no claims about them.