Last updated on 2025-02-16 10:50:43 CET.
Flavor | Version | Tinstall | Tcheck | Ttotal | Status | Flags |
---|---|---|---|---|---|---|
r-devel-linux-x86_64-debian-clang | 1.3.3 | 149.59 | 65.60 | 215.19 | OK | |
r-devel-linux-x86_64-debian-gcc | 1.3.3 | 104.93 | 48.23 | 153.16 | OK | |
r-devel-linux-x86_64-fedora-clang | 1.3.3 | 385.67 | OK | |||
r-devel-linux-x86_64-fedora-gcc | 1.3.3 | 429.02 | OK | |||
r-devel-macos-arm64 | 1.3.3 | 88.00 | OK | |||
r-devel-macos-x86_64 | 1.3.3 | 130.00 | OK | |||
r-devel-windows-x86_64 | 1.3.3 | 137.00 | 105.00 | 242.00 | OK | |
r-patched-linux-x86_64 | 1.3.3 | 147.28 | 63.27 | 210.55 | OK | |
r-release-linux-x86_64 | 1.3.3 | 149.92 | 61.85 | 211.77 | OK | |
r-release-macos-arm64 | 1.3.3 | 92.00 | NOTE | |||
r-release-macos-x86_64 | 1.3.3 | 117.00 | NOTE | |||
r-release-windows-x86_64 | 1.3.3 | 141.00 | 114.00 | 255.00 | OK | |
r-oldrel-macos-arm64 | 1.3.3 | 113.00 | NOTE | |||
r-oldrel-macos-x86_64 | 1.3.3 | 203.00 | NOTE | |||
r-oldrel-windows-x86_64 | 1.3.3 | 174.00 | 125.00 | 299.00 | OK |
Version: 1.3.3
Check: installed package size
Result: NOTE
installed size is 19.7Mb
sub-directories of 1Mb or more:
libs 19.4Mb
Flavors: r-release-macos-arm64, r-release-macos-x86_64, r-oldrel-macos-arm64, r-oldrel-macos-x86_64
These binaries (installable software) and packages are in development.
They may not be fully stable and should be used with caution. We make no claims about them.