Last updated on 2025-11-16 03:49:52 CET.
| Flavor | Version | Tinstall | Tcheck | Ttotal | Status | Flags |
|---|---|---|---|---|---|---|
| r-devel-linux-x86_64-debian-clang | 1.5.5 | 22.53 | 184.65 | 207.18 | OK | |
| r-devel-linux-x86_64-debian-gcc | 1.5.5 | 15.77 | 129.64 | 145.41 | OK | |
| r-devel-linux-x86_64-fedora-clang | 1.5.5 | 45.00 | 285.69 | 330.69 | OK | |
| r-devel-linux-x86_64-fedora-gcc | 1.5.5 | 47.00 | 269.38 | 316.38 | OK | |
| r-devel-windows-x86_64 | 1.5.5 | 35.00 | 211.00 | 246.00 | OK | |
| r-patched-linux-x86_64 | 1.5.5 | 22.56 | 176.78 | 199.34 | OK | |
| r-release-linux-x86_64 | 1.5.5 | 20.67 | 174.95 | 195.62 | OK | |
| r-release-macos-arm64 | 1.5.5 | 9.00 | 72.00 | 81.00 | OK | |
| r-release-macos-x86_64 | 1.5.5 | 27.00 | 131.00 | 158.00 | WARN | |
| r-release-windows-x86_64 | 1.5.5 | 31.00 | 201.00 | 232.00 | OK | |
| r-oldrel-macos-arm64 | 1.5.5 | 10.00 | 76.00 | 86.00 | OK | |
| r-oldrel-macos-x86_64 | 1.5.5 | 17.00 | 162.00 | 179.00 | OK | |
| r-oldrel-windows-x86_64 | 1.5.5 | 39.00 | 261.00 | 300.00 | OK |
Version: 1.5.5
Check: for missing documentation entries
Result: WARN
Fatal error: cannot create 'R_TempDir'
All user-level objects in a package should have documentation entries.
See chapter ‘Writing R documentation files’ in the ‘Writing R
Extensions’ manual.
Flavor: r-release-macos-x86_64
These binaries (installable software) and packages are in development.
They may not be fully stable and should be used with caution. We make no claims about them.