Last updated on 2025-02-07 05:50:33 CET.
Flavor | Version | Tinstall | Tcheck | Ttotal | Status | Flags |
---|---|---|---|---|---|---|
r-devel-linux-x86_64-debian-clang | 1.3.4 | 20.83 | 152.59 | 173.42 | NOTE | |
r-devel-linux-x86_64-debian-gcc | 1.3.4 | 13.40 | 103.55 | 116.95 | NOTE | |
r-devel-linux-x86_64-fedora-clang | 1.3.4 | 295.48 | NOTE | |||
r-devel-linux-x86_64-fedora-gcc | 1.3.4 | 281.57 | NOTE | |||
r-devel-windows-x86_64 | 1.3.4 | 25.00 | 182.00 | 207.00 | NOTE | |
r-patched-linux-x86_64 | 1.3.4 | 22.20 | 139.22 | 161.42 | OK | |
r-release-linux-x86_64 | 1.3.4 | 18.48 | 139.79 | 158.27 | OK | |
r-release-macos-arm64 | 1.3.4 | 80.00 | OK | |||
r-release-macos-x86_64 | 1.3.4 | 228.00 | OK | |||
r-release-windows-x86_64 | 1.3.4 | 25.00 | 178.00 | 203.00 | OK | |
r-oldrel-macos-arm64 | 1.3.4 | 94.00 | OK | |||
r-oldrel-macos-x86_64 | 1.3.4 | 205.00 | OK | |||
r-oldrel-windows-x86_64 | 1.3.4 | 30.00 | 226.00 | 256.00 | OK |
Version: 1.3.4
Check: DESCRIPTION meta-information
Result: NOTE
Missing dependency on R >= 4.1.0 because package code uses the pipe
|> or function shorthand \(...) syntax added in R 4.1.0.
File(s) using such syntax:
‘plotGeneral.R’
Flavors: r-devel-linux-x86_64-debian-clang, r-devel-linux-x86_64-debian-gcc, r-devel-linux-x86_64-fedora-clang, r-devel-linux-x86_64-fedora-gcc, r-devel-windows-x86_64
These binaries (installable software) and packages are in development.
They may not be fully stable and should be used with caution. We make no claims about them.