Last updated on 2025-10-03 11:50:38 CEST.
Flavor | Version | Tinstall | Tcheck | Ttotal | Status | Flags |
---|---|---|---|---|---|---|
r-devel-linux-x86_64-debian-clang | 1.0.4 | 7.46 | 65.62 | 73.08 | OK | |
r-devel-linux-x86_64-debian-gcc | 1.0.4 | 5.08 | 47.29 | 52.37 | OK | |
r-devel-linux-x86_64-fedora-clang | 1.0.4 | 123.80 | NOTE | |||
r-devel-linux-x86_64-fedora-gcc | 1.0.4 | 104.87 | NOTE | |||
r-devel-windows-x86_64 | 1.0.4 | 8.00 | 75.00 | 83.00 | OK | |
r-patched-linux-x86_64 | 1.0.4 | 8.06 | 61.06 | 69.12 | OK | |
r-release-linux-x86_64 | 1.0.4 | 7.75 | 61.66 | 69.41 | OK | |
r-release-macos-arm64 | 1.0.4 | 31.00 | OK | |||
r-release-macos-x86_64 | 1.0.4 | 70.00 | OK | |||
r-release-windows-x86_64 | 1.0.4 | 9.00 | 76.00 | 85.00 | OK | |
r-oldrel-macos-arm64 | 1.0.4 | 29.00 | OK | |||
r-oldrel-macos-x86_64 | 1.0.4 | 40.00 | OK | |||
r-oldrel-windows-x86_64 | 1.0.4 | 12.00 | 90.00 | 102.00 | OK |
Version: 1.0.4
Check: dependencies in R code
Result: NOTE
Namespaces in Imports field not imported from:
‘scales’ ‘sna’
All declared Imports should be used.
Flavors: r-devel-linux-x86_64-fedora-clang, r-devel-linux-x86_64-fedora-gcc
These binaries (installable software) and packages are in development.
They may not be fully stable and should be used with caution. We make no claims about them.