Last updated on 2025-11-11 15:50:30 CET.
| Flavor | Version | Tinstall | Tcheck | Ttotal | Status | Flags |
|---|---|---|---|---|---|---|
| r-devel-linux-x86_64-debian-clang | 1.0.4 | 8.24 | 64.21 | 72.45 | OK | |
| r-devel-linux-x86_64-debian-gcc | 1.0.4 | 5.33 | 47.54 | 52.87 | OK | |
| r-devel-linux-x86_64-fedora-clang | 1.0.4 | 18.00 | 95.53 | 113.53 | NOTE | |
| r-devel-linux-x86_64-fedora-gcc | 1.0.4 | 16.00 | 89.27 | 105.27 | NOTE | |
| r-devel-windows-x86_64 | 1.0.4 | 9.00 | 74.00 | 83.00 | OK | |
| r-patched-linux-x86_64 | 1.0.4 | 7.03 | 61.52 | 68.55 | OK | |
| r-release-linux-x86_64 | 1.0.4 | 7.48 | 60.45 | 67.93 | OK | |
| r-release-macos-arm64 | 1.0.4 | 3.00 | 28.00 | 31.00 | OK | |
| r-release-macos-x86_64 | 1.0.4 | 6.00 | 64.00 | 70.00 | OK | |
| r-release-windows-x86_64 | 1.0.4 | 9.00 | 72.00 | 81.00 | OK | |
| r-oldrel-macos-arm64 | 1.0.4 | 3.00 | 26.00 | 29.00 | OK | |
| r-oldrel-macos-x86_64 | 1.0.4 | 4.00 | 36.00 | 40.00 | OK | |
| r-oldrel-windows-x86_64 | 1.0.4 | 12.00 | 87.00 | 99.00 | OK |
Version: 1.0.4
Check: dependencies in R code
Result: NOTE
Namespaces in Imports field not imported from:
‘scales’ ‘sna’
All declared Imports should be used.
Flavors: r-devel-linux-x86_64-fedora-clang, r-devel-linux-x86_64-fedora-gcc
These binaries (installable software) and packages are in development.
They may not be fully stable and should be used with caution. We make no claims about them.